Last updated on 2022-07-03 07:52:01 CEST.
Flavor | Version | Tinstall | Tcheck | Ttotal | Status | Flags |
---|---|---|---|---|---|---|
r-devel-linux-x86_64-debian-clang | 0.1.5 | 4.67 | 51.51 | 56.18 | NOTE | |
r-devel-linux-x86_64-debian-gcc | 0.1.5 | 4.35 | 38.43 | 42.78 | NOTE | |
r-devel-linux-x86_64-fedora-clang | 0.1.5 | 76.57 | NOTE | |||
r-devel-linux-x86_64-fedora-gcc | 0.1.5 | 75.95 | NOTE | |||
r-devel-windows-x86_64 | 0.1.5 | 10.00 | 72.00 | 82.00 | NOTE | |
r-patched-linux-x86_64 | 0.1.5 | 5.58 | 47.88 | 53.46 | NOTE | |
r-release-linux-x86_64 | 0.1.5 | 4.27 | 47.73 | 52.00 | NOTE | |
r-release-macos-arm64 | 0.1.5 | 21.00 | NOTE | |||
r-release-macos-x86_64 | 0.1.5 | 42.00 | NOTE | |||
r-release-windows-x86_64 | 0.1.5 | 12.00 | 74.00 | 86.00 | NOTE | |
r-oldrel-macos-arm64 | 0.1.5 | 29.00 | NOTE | |||
r-oldrel-macos-x86_64 | 0.1.5 | 41.00 | NOTE | |||
r-oldrel-windows-ix86+x86_64 | 0.1.5 | 15.00 | 71.00 | 86.00 | NOTE |
Version: 0.1.5
Check: LazyData
Result: NOTE
'LazyData' is specified without a 'data' directory
Flavors: r-devel-linux-x86_64-debian-clang, r-devel-linux-x86_64-debian-gcc, r-devel-linux-x86_64-fedora-clang, r-devel-linux-x86_64-fedora-gcc, r-devel-windows-x86_64, r-patched-linux-x86_64, r-release-linux-x86_64, r-release-macos-arm64, r-release-macos-x86_64, r-release-windows-x86_64, r-oldrel-macos-arm64, r-oldrel-macos-x86_64, r-oldrel-windows-ix86+x86_64