CRAN Package Check Results for Package pkgconfig

Last updated on 2022-05-19 07:50:16 CEST.

Flavor Version Tinstall Tcheck Ttotal Status Flags
r-devel-linux-x86_64-debian-clang 2.0.3 1.91 33.73 35.64 NOTE
r-devel-linux-x86_64-debian-gcc 2.0.3 1.11 25.69 26.80 NOTE
r-devel-linux-x86_64-fedora-clang 2.0.3 42.44 NOTE
r-devel-linux-x86_64-fedora-gcc 2.0.3 41.42 NOTE
r-devel-windows-x86_64 2.0.3 17.00 54.00 71.00 NOTE
r-patched-linux-x86_64 2.0.3 1.71 32.24 33.95 NOTE
r-release-linux-x86_64 2.0.3 1.59 31.89 33.48 NOTE
r-release-macos-arm64 2.0.3 15.00 NOTE
r-release-macos-x86_64 2.0.3 22.00 NOTE
r-release-windows-x86_64 2.0.3 19.00 56.00 75.00 NOTE
r-oldrel-macos-arm64 2.0.3 19.00 NOTE
r-oldrel-macos-x86_64 2.0.3 33.00 NOTE
r-oldrel-windows-ix86+x86_64 2.0.3 9.00 45.00 54.00 NOTE

Check Details

Version: 2.0.3
Check: LazyData
Result: NOTE
     'LazyData' is specified without a 'data' directory
Flavors: r-devel-linux-x86_64-debian-clang, r-devel-linux-x86_64-debian-gcc, r-devel-linux-x86_64-fedora-clang, r-devel-linux-x86_64-fedora-gcc, r-devel-windows-x86_64, r-patched-linux-x86_64, r-release-linux-x86_64, r-release-macos-arm64, r-release-macos-x86_64, r-release-windows-x86_64, r-oldrel-macos-arm64, r-oldrel-macos-x86_64, r-oldrel-windows-ix86+x86_64