CRAN Package Check Results for Package piratings

Last updated on 2022-01-27 06:48:43 CET.

Flavor Version Tinstall Tcheck Ttotal Status Flags
r-devel-linux-x86_64-debian-clang 0.1.9 2.25 73.92 76.17 OK
r-devel-linux-x86_64-debian-gcc 0.1.9 1.93 54.10 56.03 OK
r-devel-linux-x86_64-fedora-clang 0.1.9 91.42 NOTE
r-devel-linux-x86_64-fedora-gcc 0.1.9 79.33 NOTE
r-devel-windows-x86_64-new-UL 0.1.9 21.00 89.00 110.00 OK
r-devel-windows-x86_64-new-TK 0.1.9 NOTE
r-patched-linux-x86_64 0.1.9 2.47 70.62 73.09 OK
r-release-linux-x86_64 0.1.9 1.62 70.98 72.60 OK
r-release-macos-arm64 0.1.9 NOTE
r-release-macos-x86_64 0.1.9 NOTE
r-release-windows-ix86+x86_64 0.1.9 6.00 86.00 92.00 OK
r-oldrel-macos-x86_64 0.1.9 NOTE
r-oldrel-windows-ix86+x86_64 0.1.9 6.00 86.00 92.00 OK

Check Details

Version: 0.1.9
Check: dependencies in R code
Result: NOTE
    Namespace in Imports field not imported from: ‘ggplot2’
     All declared Imports should be used.
Flavors: r-devel-linux-x86_64-fedora-clang, r-devel-linux-x86_64-fedora-gcc, r-devel-windows-x86_64-new-TK, r-release-macos-arm64, r-release-macos-x86_64, r-oldrel-macos-x86_64