CRAN Package Check Results for Package pipefittr

Last updated on 2022-05-24 07:52:28 CEST.

Flavor Version Tinstall Tcheck Ttotal Status Flags
r-devel-linux-x86_64-debian-clang 0.1.2 3.43 48.35 51.78 NOTE
r-devel-linux-x86_64-debian-gcc 0.1.2 3.26 37.61 40.87 NOTE
r-devel-linux-x86_64-fedora-clang 0.1.2 63.21 NOTE
r-devel-linux-x86_64-fedora-gcc 0.1.2 51.26 NOTE
r-devel-windows-x86_64 0.1.2 13.00 63.00 76.00 NOTE
r-patched-linux-x86_64 0.1.2 3.88 46.97 50.85 NOTE
r-release-linux-x86_64 0.1.2 NOTE
r-release-macos-arm64 0.1.2 18.00 NOTE
r-release-macos-x86_64 0.1.2 35.00 NOTE
r-release-windows-x86_64 0.1.2 14.00 68.00 82.00 NOTE
r-oldrel-macos-arm64 0.1.2 22.00 NOTE
r-oldrel-macos-x86_64 0.1.2 36.00 NOTE
r-oldrel-windows-ix86+x86_64 0.1.2 11.00 67.00 78.00 NOTE

Check Details

Version: 0.1.2
Check: LazyData
Result: NOTE
     'LazyData' is specified without a 'data' directory
Flavors: r-devel-linux-x86_64-debian-clang, r-devel-linux-x86_64-debian-gcc, r-devel-linux-x86_64-fedora-clang, r-devel-linux-x86_64-fedora-gcc, r-devel-windows-x86_64, r-patched-linux-x86_64, r-release-linux-x86_64, r-release-macos-arm64, r-release-macos-x86_64, r-release-windows-x86_64, r-oldrel-macos-arm64, r-oldrel-macos-x86_64, r-oldrel-windows-ix86+x86_64