Last updated on 2022-06-29 07:51:28 CEST.
Flavor | Version | Tinstall | Tcheck | Ttotal | Status | Flags |
---|---|---|---|---|---|---|
r-devel-linux-x86_64-debian-clang | 0.5.1 | 7.08 | 61.53 | 68.61 | OK | |
r-devel-linux-x86_64-debian-gcc | 0.5.1 | 5.37 | 45.71 | 51.08 | OK | |
r-devel-linux-x86_64-fedora-clang | 0.5.1 | 89.53 | WARN | |||
r-devel-linux-x86_64-fedora-gcc | 0.5.1 | 88.60 | WARN | |||
r-devel-windows-x86_64 | 0.5.1 | 28.00 | 79.00 | 107.00 | OK | |
r-patched-linux-x86_64 | 0.5.1 | 5.94 | 56.70 | 62.64 | OK | |
r-release-linux-x86_64 | 0.5.1 | 6.21 | 57.22 | 63.43 | OK | |
r-release-macos-arm64 | 0.5.1 | 25.00 | OK | |||
r-release-macos-x86_64 | 0.5.1 | 48.00 | OK | |||
r-release-windows-x86_64 | 0.5.1 | 28.00 | 86.00 | 114.00 | OK | |
r-oldrel-macos-arm64 | 0.5.1 | 31.00 | OK | |||
r-oldrel-macos-x86_64 | 0.5.1 | 44.00 | OK | |||
r-oldrel-windows-ix86+x86_64 | 0.5.1 | 18.00 | 78.00 | 96.00 | OK |
Version: 0.5.1
Check: package dependencies
Result: WARN
Requires orphaned package: ‘gtools’
Flavors: r-devel-linux-x86_64-fedora-clang, r-devel-linux-x86_64-fedora-gcc