CRAN Package Check Results for Package pingr

Last updated on 2022-05-28 07:56:04 CEST.

Flavor Version Tinstall Tcheck Ttotal Status Flags
r-devel-linux-x86_64-debian-clang 2.0.1 3.50 32.64 36.14 NOTE
r-devel-linux-x86_64-debian-gcc 2.0.1 2.67 25.39 28.06 NOTE
r-devel-linux-x86_64-fedora-clang 2.0.1 44.04 NOTE
r-devel-linux-x86_64-fedora-gcc 2.0.1 32.88 NOTE
r-devel-windows-x86_64 2.0.1 17.00 51.00 68.00 NOTE
r-patched-linux-x86_64 2.0.1 3.37 32.22 35.59 NOTE
r-release-linux-x86_64 2.0.1 3.24 31.18 34.42 NOTE
r-release-macos-arm64 2.0.1 19.00 NOTE
r-release-macos-x86_64 2.0.1 23.00 NOTE
r-release-windows-x86_64 2.0.1 17.00 54.00 71.00 NOTE
r-oldrel-macos-arm64 2.0.1 23.00 NOTE
r-oldrel-macos-x86_64 2.0.1 29.00 NOTE
r-oldrel-windows-ix86+x86_64 2.0.1 19.00 52.00 71.00 NOTE

Check Details

Version: 2.0.1
Check: LazyData
Result: NOTE
     'LazyData' is specified without a 'data' directory
Flavors: r-devel-linux-x86_64-debian-clang, r-devel-linux-x86_64-debian-gcc, r-devel-linux-x86_64-fedora-clang, r-devel-linux-x86_64-fedora-gcc, r-devel-windows-x86_64, r-patched-linux-x86_64, r-release-linux-x86_64, r-release-macos-arm64, r-release-macos-x86_64, r-release-windows-x86_64, r-oldrel-macos-arm64, r-oldrel-macos-x86_64, r-oldrel-windows-ix86+x86_64