CRAN Package Check Results for Package phonfieldwork

Last updated on 2022-05-18 07:49:05 CEST.

Flavor Version Tinstall Tcheck Ttotal Status Flags
r-devel-linux-x86_64-debian-clang 0.0.11 5.94 76.21 82.15 NOTE
r-devel-linux-x86_64-debian-gcc 0.0.11 5.03 56.73 61.76 NOTE
r-devel-linux-x86_64-fedora-clang 0.0.11 96.49 NOTE
r-devel-linux-x86_64-fedora-gcc 0.0.11 93.53 NOTE
r-devel-windows-x86_64 0.0.11 90.00 104.00 194.00 NOTE
r-patched-linux-x86_64 0.0.11 7.03 72.31 79.34 NOTE
r-release-linux-x86_64 0.0.11 6.11 73.00 79.11 NOTE
r-release-macos-arm64 0.0.11 32.00 NOTE
r-release-macos-x86_64 0.0.11 45.00 NOTE
r-release-windows-x86_64 0.0.11 71.00 108.00 179.00 NOTE
r-oldrel-macos-arm64 0.0.11 37.00 NOTE
r-oldrel-macos-x86_64 0.0.11 47.00 NOTE
r-oldrel-windows-ix86+x86_64 0.0.11 16.00 96.00 112.00 NOTE

Check Details

Version: 0.0.11
Check: LazyData
Result: NOTE
     'LazyData' is specified without a 'data' directory
Flavors: r-devel-linux-x86_64-debian-clang, r-devel-linux-x86_64-debian-gcc, r-devel-linux-x86_64-fedora-clang, r-devel-linux-x86_64-fedora-gcc, r-devel-windows-x86_64, r-patched-linux-x86_64, r-release-linux-x86_64, r-release-macos-arm64, r-release-macos-x86_64, r-release-windows-x86_64, r-oldrel-macos-arm64, r-oldrel-macos-x86_64, r-oldrel-windows-ix86+x86_64