Last updated on 2022-05-28 07:56:04 CEST.
Flavor | Version | Tinstall | Tcheck | Ttotal | Status | Flags |
---|---|---|---|---|---|---|
r-devel-linux-x86_64-debian-clang | 0.6.0 | 27.20 | 66.20 | 93.40 | WARN | |
r-devel-linux-x86_64-debian-gcc | 0.6.0 | 24.31 | 50.95 | 75.26 | OK | |
r-devel-linux-x86_64-fedora-clang | 0.6.0 | 122.89 | WARN | |||
r-devel-linux-x86_64-fedora-gcc | 0.6.0 | 106.82 | OK | |||
r-devel-windows-x86_64 | 0.6.0 | 89.00 | 125.00 | 214.00 | OK | |
r-patched-linux-x86_64 | 0.6.0 | 27.39 | 64.39 | 91.78 | OK | |
r-release-linux-x86_64 | 0.6.0 | 26.74 | 63.80 | 90.54 | OK | |
r-release-macos-arm64 | 0.6.0 | 36.00 | OK | |||
r-release-macos-x86_64 | 0.6.0 | 51.00 | OK | |||
r-release-windows-x86_64 | 0.6.0 | 84.00 | 123.00 | 207.00 | OK | |
r-oldrel-macos-arm64 | 0.6.0 | 36.00 | OK | |||
r-oldrel-macos-x86_64 | 0.6.0 | 50.00 | OK | |||
r-oldrel-windows-ix86+x86_64 | 0.6.0 | 66.00 | 118.00 | 184.00 | OK |
Version: 0.6.0
Check: whether package can be installed
Result: WARN
Found the following significant warnings:
../src/correlation.h:49:28: warning: use of bitwise '|' with boolean operands [-Wbitwise-instead-of-logical]
../src/correlation.h:94:27: warning: use of bitwise '|' with boolean operands [-Wbitwise-instead-of-logical]
../src/correlation.h:137:28: warning: use of bitwise '|' with boolean operands [-Wbitwise-instead-of-logical]
Flavors: r-devel-linux-x86_64-debian-clang, r-devel-linux-x86_64-fedora-clang