CRAN Package Check Results for Package phenoCDM

Last updated on 2022-01-23 07:14:08 CET.

Flavor Version Tinstall Tcheck Ttotal Status Flags
r-devel-linux-x86_64-debian-clang 0.1.3 2.64 46.50 49.14 NOTE
r-devel-linux-x86_64-debian-gcc 0.1.3 1.59 37.60 39.19 NOTE
r-devel-linux-x86_64-fedora-clang 0.1.3 60.05 NOTE
r-devel-linux-x86_64-fedora-gcc 0.1.3 47.34 NOTE
r-devel-windows-x86_64-new-UL 0.1.3 24.00 69.00 93.00 NOTE
r-devel-windows-x86_64-new-TK 0.1.3 NOTE
r-patched-linux-x86_64 0.1.3 2.14 43.77 45.91 NOTE
r-release-linux-x86_64 0.1.3 1.89 43.72 45.61 NOTE
r-release-macos-arm64 0.1.3 NOTE
r-release-macos-x86_64 0.1.3 NOTE
r-release-windows-ix86+x86_64 0.1.3 6.00 57.00 63.00 NOTE
r-oldrel-macos-x86_64 0.1.3 OK
r-oldrel-windows-ix86+x86_64 0.1.3 6.00 57.00 63.00 OK

Check Details

Version: 0.1.3
Check: LazyData
Result: NOTE
     'LazyData' is specified without a 'data' directory
Flavors: r-devel-linux-x86_64-debian-clang, r-devel-linux-x86_64-debian-gcc, r-devel-linux-x86_64-fedora-clang, r-devel-linux-x86_64-fedora-gcc, r-devel-windows-x86_64-new-UL, r-devel-windows-x86_64-new-TK, r-patched-linux-x86_64, r-release-linux-x86_64, r-release-macos-arm64, r-release-macos-x86_64, r-release-windows-ix86+x86_64