Last updated on 2022-05-16 07:49:08 CEST.
Flavor | Version | Tinstall | Tcheck | Ttotal | Status | Flags |
---|---|---|---|---|---|---|
r-devel-linux-x86_64-debian-clang | 2.0.0 | 26.82 | 300.92 | 327.74 | OK | |
r-devel-linux-x86_64-debian-gcc | 2.0.0 | 24.55 | 218.72 | 243.27 | OK | |
r-devel-linux-x86_64-fedora-clang | 2.0.0 | 379.31 | NOTE | |||
r-devel-linux-x86_64-fedora-gcc | 2.0.0 | 373.52 | OK | |||
r-devel-windows-x86_64 | 2.0.0 | 47.00 | 296.00 | 343.00 | OK | |
r-patched-linux-x86_64 | 2.0.0 | 30.62 | 283.13 | 313.75 | OK | |
r-release-linux-x86_64 | 2.0.0 | 33.04 | 285.92 | 318.96 | OK | |
r-release-macos-arm64 | 2.0.0 | 92.00 | OK | |||
r-release-macos-x86_64 | 2.0.0 | 118.00 | OK | |||
r-release-windows-x86_64 | 2.0.0 | 61.00 | 290.00 | 351.00 | OK | |
r-oldrel-macos-arm64 | 2.0.0 | 68.00 | OK | |||
r-oldrel-macos-x86_64 | 2.0.0 | 112.00 | OK | |||
r-oldrel-windows-ix86+x86_64 | 2.0.0 | 70.00 | 293.00 | 363.00 | OK |
Version: 2.0.0
Check: Rd cross-references
Result: NOTE
Undeclared packages ‘classInt’, ‘maptools’, ‘PMCMR’, ‘agricolae’, ‘rgdal’, ‘plotrix’, ‘AICcmodavg’ in Rd xrefs
Flavor: r-devel-linux-x86_64-fedora-clang