CRAN Package Check Results for Package peruse

Last updated on 2022-05-19 07:50:16 CEST.

Flavor Version Tinstall Tcheck Ttotal Status Flags
r-devel-linux-x86_64-debian-clang 0.3.1 2.21 40.15 42.36 NOTE
r-devel-linux-x86_64-debian-gcc 0.3.1 2.23 31.08 33.31 NOTE
r-devel-linux-x86_64-fedora-clang 0.3.1 51.88 NOTE
r-devel-linux-x86_64-fedora-gcc 0.3.1 50.55 NOTE
r-devel-windows-x86_64 0.3.1 14.00 56.00 70.00 NOTE
r-patched-linux-x86_64 0.3.1 2.48 38.83 41.31 NOTE
r-release-linux-x86_64 0.3.1 2.59 39.05 41.64 NOTE
r-release-macos-arm64 0.3.1 19.00 NOTE
r-release-macos-x86_64 0.3.1 24.00 NOTE
r-release-windows-x86_64 0.3.1 17.00 58.00 75.00 NOTE
r-oldrel-macos-arm64 0.3.1 19.00 NOTE
r-oldrel-macos-x86_64 0.3.1 29.00 NOTE
r-oldrel-windows-ix86+x86_64 0.3.1 7.00 99.00 106.00 NOTE

Check Details

Version: 0.3.1
Check: LazyData
Result: NOTE
     'LazyData' is specified without a 'data' directory
Flavors: r-devel-linux-x86_64-debian-clang, r-devel-linux-x86_64-debian-gcc, r-devel-linux-x86_64-fedora-clang, r-devel-linux-x86_64-fedora-gcc, r-devel-windows-x86_64, r-patched-linux-x86_64, r-release-linux-x86_64, r-release-macos-arm64, r-release-macos-x86_64, r-release-windows-x86_64, r-oldrel-macos-arm64, r-oldrel-macos-x86_64, r-oldrel-windows-ix86+x86_64