CRAN Package Check Results for Package personr

Last updated on 2022-05-19 07:50:16 CEST.

Flavor Version Tinstall Tcheck Ttotal Status Flags
r-devel-linux-x86_64-debian-clang 1.0.0 3.84 35.52 39.36 NOTE
r-devel-linux-x86_64-debian-gcc 1.0.0 2.77 26.82 29.59 NOTE
r-devel-linux-x86_64-fedora-clang 1.0.0 46.39 NOTE
r-devel-linux-x86_64-fedora-gcc 1.0.0 45.22 NOTE
r-devel-windows-x86_64 1.0.0 14.00 50.00 64.00 NOTE
r-patched-linux-x86_64 1.0.0 3.42 33.51 36.93 NOTE
r-release-linux-x86_64 1.0.0 2.48 33.92 36.40 NOTE
r-release-macos-arm64 1.0.0 17.00 NOTE
r-release-macos-x86_64 1.0.0 27.00 NOTE
r-release-windows-x86_64 1.0.0 11.00 54.00 65.00 NOTE
r-oldrel-macos-arm64 1.0.0 18.00 NOTE
r-oldrel-macos-x86_64 1.0.0 26.00 NOTE
r-oldrel-windows-ix86+x86_64 1.0.0 12.00 47.00 59.00 NOTE

Check Details

Version: 1.0.0
Check: LazyData
Result: NOTE
     'LazyData' is specified without a 'data' directory
Flavors: r-devel-linux-x86_64-debian-clang, r-devel-linux-x86_64-debian-gcc, r-devel-linux-x86_64-fedora-clang, r-devel-linux-x86_64-fedora-gcc, r-devel-windows-x86_64, r-patched-linux-x86_64, r-release-linux-x86_64, r-release-macos-arm64, r-release-macos-x86_64, r-release-windows-x86_64, r-oldrel-macos-arm64, r-oldrel-macos-x86_64, r-oldrel-windows-ix86+x86_64