CRAN Package Check Results for Package personalr

Last updated on 2022-05-19 07:50:16 CEST.

Flavor Version Tinstall Tcheck Ttotal Status Flags
r-devel-linux-x86_64-debian-clang 1.0.1 2.70 33.58 36.28 NOTE
r-devel-linux-x86_64-debian-gcc 1.0.1 1.81 25.60 27.41 NOTE
r-devel-linux-x86_64-fedora-clang 1.0.1 43.22 NOTE
r-devel-linux-x86_64-fedora-gcc 1.0.1 42.05 NOTE
r-devel-windows-x86_64 1.0.1 13.00 53.00 66.00 NOTE
r-patched-linux-x86_64 1.0.1 2.31 31.89 34.20 NOTE
r-release-linux-x86_64 1.0.1 2.50 32.28 34.78 NOTE
r-release-macos-arm64 1.0.1 17.00 NOTE
r-release-macos-x86_64 1.0.1 25.00 NOTE
r-release-windows-x86_64 1.0.1 14.00 56.00 70.00 NOTE
r-oldrel-macos-arm64 1.0.1 19.00 NOTE
r-oldrel-macos-x86_64 1.0.1 24.00 NOTE
r-oldrel-windows-ix86+x86_64 1.0.1 7.00 45.00 52.00 NOTE

Check Details

Version: 1.0.1
Check: LazyData
Result: NOTE
     'LazyData' is specified without a 'data' directory
Flavors: r-devel-linux-x86_64-debian-clang, r-devel-linux-x86_64-debian-gcc, r-devel-linux-x86_64-fedora-clang, r-devel-linux-x86_64-fedora-gcc, r-devel-windows-x86_64, r-patched-linux-x86_64, r-release-linux-x86_64, r-release-macos-arm64, r-release-macos-x86_64, r-release-windows-x86_64, r-oldrel-macos-arm64, r-oldrel-macos-x86_64, r-oldrel-windows-ix86+x86_64