CRAN Package Check Results for Package penppml

Last updated on 2022-05-22 07:53:20 CEST.

Flavor Version Tinstall Tcheck Ttotal Status Flags
r-devel-linux-x86_64-debian-clang 0.1.1 41.90 139.23 181.13 OK
r-devel-linux-x86_64-debian-gcc 0.1.1 31.26 97.43 128.69 OK
r-devel-linux-x86_64-fedora-clang 0.1.1 237.75 NOTE
r-devel-linux-x86_64-fedora-gcc 0.1.1 210.17 NOTE
r-devel-windows-x86_64 0.1.1 52.00 162.00 214.00 OK
r-patched-linux-x86_64 0.1.1 34.17 128.18 162.35 OK
r-release-linux-x86_64 0.1.1 32.16 126.03 158.19 OK
r-release-macos-arm64 0.1.1 65.00 NOTE
r-release-macos-x86_64 0.1.1 86.00 NOTE
r-release-windows-x86_64 0.1.1 52.00 168.00 220.00 OK
r-oldrel-macos-arm64 0.1.1 62.00 NOTE
r-oldrel-macos-x86_64 0.1.1 91.00 NOTE
r-oldrel-windows-ix86+x86_64 0.1.1 93.00 220.00 313.00 OK

Check Details

Version: 0.1.1
Check: installed package size
Result: NOTE
     installed size is 8.5Mb
     sub-directories of 1Mb or more:
     data 1.8Mb
     libs 6.3Mb
Flavors: r-devel-linux-x86_64-fedora-clang, r-release-macos-arm64, r-release-macos-x86_64, r-oldrel-macos-arm64, r-oldrel-macos-x86_64

Version: 0.1.1
Check: dependencies in R code
Result: NOTE
    Namespace in Imports field not imported from: ‘fixest’
     All declared Imports should be used.
Flavors: r-devel-linux-x86_64-fedora-clang, r-devel-linux-x86_64-fedora-gcc, r-release-macos-arm64, r-release-macos-x86_64, r-oldrel-macos-arm64, r-oldrel-macos-x86_64