Last updated on 2022-07-01 07:51:50 CEST.
Flavor | Version | Tinstall | Tcheck | Ttotal | Status | Flags |
---|---|---|---|---|---|---|
r-devel-linux-x86_64-debian-clang | 2020.5.13 | 8.41 | 119.61 | 128.02 | OK | |
r-devel-linux-x86_64-debian-gcc | 2020.5.13 | 7.77 | 81.38 | 89.15 | OK | |
r-devel-linux-x86_64-fedora-clang | 2020.5.13 | 156.90 | OK | |||
r-devel-linux-x86_64-fedora-gcc | 2020.5.13 | 149.55 | OK | |||
r-devel-windows-x86_64 | 2020.5.13 | 30.00 | 132.00 | 162.00 | OK | |
r-patched-linux-x86_64 | 2020.5.13 | 10.45 | 105.03 | 115.48 | OK | |
r-release-linux-x86_64 | 2020.5.13 | 9.92 | 104.49 | 114.41 | OK | |
r-release-macos-arm64 | 2020.5.13 | 42.00 | NOTE | |||
r-release-macos-x86_64 | 2020.5.13 | 85.00 | OK | |||
r-release-windows-x86_64 | 2020.5.13 | 80.00 | 134.00 | 214.00 | OK | |
r-oldrel-macos-arm64 | 2020.5.13 | 55.00 | OK | |||
r-oldrel-macos-x86_64 | 2020.5.13 | 73.00 | OK | |||
r-oldrel-windows-ix86+x86_64 | 2020.5.13 | 26.00 | 202.00 | 228.00 | OK |
Version: 2020.5.13
Check: package dependencies
Result: NOTE
Package suggested but not available for checking: ‘jointseg’
Flavor: r-release-macos-arm64