Last updated on 2022-05-18 07:49:05 CEST.
Flavor | Version | Tinstall | Tcheck | Ttotal | Status | Flags |
---|---|---|---|---|---|---|
r-devel-linux-x86_64-debian-clang | 0.1.9 | 18.89 | 126.46 | 145.35 | OK | |
r-devel-linux-x86_64-debian-gcc | 0.1.9 | 14.52 | 93.92 | 108.44 | OK | |
r-devel-linux-x86_64-fedora-clang | 0.1.9 | 162.62 | NOTE | |||
r-devel-linux-x86_64-fedora-gcc | 0.1.9 | 158.50 | NOTE | |||
r-devel-windows-x86_64 | 0.1.9 | 68.00 | 129.00 | 197.00 | OK | |
r-patched-linux-x86_64 | 0.1.9 | 22.27 | 115.34 | 137.61 | OK | |
r-release-linux-x86_64 | 0.1.9 | 11.15 | 119.00 | 130.15 | OK | |
r-release-macos-arm64 | 0.1.9 | 41.00 | NOTE | |||
r-release-macos-x86_64 | 0.1.9 | 62.00 | NOTE | |||
r-release-windows-x86_64 | 0.1.9 | 61.00 | 131.00 | 192.00 | OK | |
r-oldrel-macos-arm64 | 0.1.9 | 41.00 | NOTE | |||
r-oldrel-macos-x86_64 | 0.1.9 | 53.00 | NOTE | |||
r-oldrel-windows-ix86+x86_64 | 0.1.9 | 35.00 | 131.00 | 166.00 | OK |
Version: 0.1.9
Check: data for non-ASCII characters
Result: NOTE
Note: found 13918 marked UTF-8 strings
Flavors: r-devel-linux-x86_64-fedora-clang, r-devel-linux-x86_64-fedora-gcc, r-release-macos-arm64, r-release-macos-x86_64, r-oldrel-macos-arm64, r-oldrel-macos-x86_64