Last updated on 2022-05-18 07:49:04 CEST.
Flavor | Version | Tinstall | Tcheck | Ttotal | Status | Flags |
---|---|---|---|---|---|---|
r-devel-linux-x86_64-debian-clang | 0.4.0 | 3.25 | 97.20 | 100.45 | NOTE | |
r-devel-linux-x86_64-debian-gcc | 0.4.0 | 2.12 | 69.84 | 71.96 | NOTE | |
r-devel-linux-x86_64-fedora-clang | 0.4.0 | 111.81 | NOTE | |||
r-devel-linux-x86_64-fedora-gcc | 0.4.0 | 63.39 | NOTE | |||
r-devel-windows-x86_64 | 0.4.0 | 10.00 | 109.00 | 119.00 | NOTE | |
r-patched-linux-x86_64 | 0.4.0 | 3.23 | 88.18 | 91.41 | NOTE | |
r-release-linux-x86_64 | 0.4.0 | 3.20 | 89.76 | 92.96 | NOTE | |
r-release-macos-arm64 | 0.4.0 | 49.00 | NOTE | |||
r-release-macos-x86_64 | 0.4.0 | 80.00 | NOTE | |||
r-release-windows-x86_64 | 0.4.0 | 10.00 | 113.00 | 123.00 | NOTE | |
r-oldrel-macos-arm64 | 0.4.0 | 93.00 | NOTE | |||
r-oldrel-macos-x86_64 | 0.4.0 | 61.00 | NOTE | |||
r-oldrel-windows-ix86+x86_64 | 0.4.0 | 8.00 | 95.00 | 103.00 | NOTE |
Version: 0.4.0
Check: LazyData
Result: NOTE
'LazyData' is specified without a 'data' directory
Flavors: r-devel-linux-x86_64-debian-clang, r-devel-linux-x86_64-debian-gcc, r-devel-linux-x86_64-fedora-clang, r-devel-linux-x86_64-fedora-gcc, r-devel-windows-x86_64, r-patched-linux-x86_64, r-release-linux-x86_64, r-release-macos-arm64, r-release-macos-x86_64, r-release-windows-x86_64, r-oldrel-macos-arm64, r-oldrel-macos-x86_64, r-oldrel-windows-ix86+x86_64