CRAN Package Check Results for Package pdi

Last updated on 2022-05-18 07:49:04 CEST.

Flavor Version Tinstall Tcheck Ttotal Status Flags
r-devel-linux-x86_64-debian-clang 0.4.2 6.29 243.23 249.52 NOTE
r-devel-linux-x86_64-debian-gcc 0.4.2 3.84 168.35 172.19 NOTE
r-devel-linux-x86_64-fedora-clang 0.4.2 270.40 NOTE
r-devel-linux-x86_64-fedora-gcc 0.4.2 270.68 NOTE
r-devel-windows-x86_64 0.4.2 27.00 263.00 290.00 NOTE
r-patched-linux-x86_64 0.4.2 4.64 217.31 221.95 NOTE
r-release-linux-x86_64 0.4.2 5.06 219.21 224.27 NOTE
r-release-macos-arm64 0.4.2 34.00 NOTE
r-release-macos-x86_64 0.4.2 124.00 NOTE
r-release-windows-x86_64 0.4.2 27.00 260.00 287.00 NOTE
r-oldrel-macos-arm64 0.4.2 55.00 NOTE
r-oldrel-macos-x86_64 0.4.2 68.00 NOTE
r-oldrel-windows-ix86+x86_64 0.4.2 16.00 262.00 278.00 NOTE

Check Details

Version: 0.4.2
Check: LazyData
Result: NOTE
     'LazyData' is specified without a 'data' directory
Flavors: r-devel-linux-x86_64-debian-clang, r-devel-linux-x86_64-debian-gcc, r-devel-linux-x86_64-fedora-clang, r-devel-linux-x86_64-fedora-gcc, r-devel-windows-x86_64, r-patched-linux-x86_64, r-release-linux-x86_64, r-release-macos-arm64, r-release-macos-x86_64, r-release-windows-x86_64, r-oldrel-macos-arm64, r-oldrel-macos-x86_64, r-oldrel-windows-ix86+x86_64