Last updated on 2022-07-03 07:52:00 CEST.
Flavor | Version | Tinstall | Tcheck | Ttotal | Status | Flags |
---|---|---|---|---|---|---|
r-devel-linux-x86_64-debian-clang | 3.2.1 | 21.59 | 34.90 | 56.49 | OK | |
r-devel-linux-x86_64-debian-gcc | 3.2.1 | 19.51 | 27.62 | 47.13 | OK | |
r-devel-linux-x86_64-fedora-clang | 3.2.1 | 92.95 | WARN | |||
r-devel-linux-x86_64-fedora-gcc | 3.2.1 | 88.03 | OK | |||
r-devel-windows-x86_64 | 3.2.1 | 285.00 | 121.00 | 406.00 | NOTE | |
r-patched-linux-x86_64 | 3.2.1 | 22.47 | 34.70 | 57.17 | OK | |
r-release-linux-x86_64 | 3.2.1 | 19.88 | 33.86 | 53.74 | OK | |
r-release-macos-arm64 | 3.2.1 | 30.00 | NOTE | |||
r-release-macos-x86_64 | 3.2.1 | 38.00 | NOTE | |||
r-release-windows-x86_64 | 3.2.1 | 154.00 | 135.00 | 289.00 | NOTE | |
r-oldrel-macos-arm64 | 3.2.1 | 30.00 | NOTE | |||
r-oldrel-macos-x86_64 | 3.2.1 | 44.00 | NOTE | |||
r-oldrel-windows-ix86+x86_64 | 3.2.1 | 76.00 | 118.00 | 194.00 | NOTE |
Version: 3.2.1
Check: whether package can be installed
Result: WARN
Found the following significant warnings:
bindings.cpp:146:36: warning: 'info_date' is deprecated [-Wdeprecated-declarations]
bindings.cpp:147:37: warning: 'info_date' is deprecated [-Wdeprecated-declarations]
bindings.cpp:175:34: warning: 'info_date' is deprecated [-Wdeprecated-declarations]
bindings.cpp:176:35: warning: 'info_date' is deprecated [-Wdeprecated-declarations]
bindings.cpp:355:39: warning: 'creation_date' is deprecated [-Wdeprecated-declarations]
bindings.cpp:356:40: warning: 'modification_date' is deprecated [-Wdeprecated-declarations]
Flavor: r-devel-linux-x86_64-fedora-clang
Version: 3.2.1
Check: installed package size
Result: NOTE
installed size is 19.8Mb
sub-directories of 1Mb or more:
libs 6.9Mb
share 12.8Mb
Flavors: r-devel-windows-x86_64, r-release-macos-arm64, r-release-macos-x86_64, r-release-windows-x86_64, r-oldrel-macos-arm64, r-oldrel-macos-x86_64, r-oldrel-windows-ix86+x86_64