CRAN Package Check Results for Package pcadapt

Last updated on 2022-05-17 07:53:12 CEST.

Flavor Version Tinstall Tcheck Ttotal Status Flags
r-devel-linux-x86_64-debian-clang 4.3.3 96.00 72.67 168.67 NOTE
r-devel-linux-x86_64-debian-gcc 4.3.3 69.34 53.86 123.20 NOTE
r-devel-linux-x86_64-fedora-clang 4.3.3 233.15 NOTE
r-devel-linux-x86_64-fedora-gcc 4.3.3 205.76 NOTE
r-devel-windows-x86_64 4.3.3 129.00 108.00 237.00 NOTE
r-patched-linux-x86_64 4.3.3 76.80 67.45 144.25 NOTE
r-release-linux-x86_64 4.3.3 79.92 66.65 146.57 NOTE
r-release-macos-arm64 4.3.3 57.00 NOTE
r-release-macos-x86_64 4.3.3 95.00 NOTE
r-release-windows-x86_64 4.3.3 140.00 109.00 249.00 NOTE
r-oldrel-macos-arm64 4.3.3 59.00 NOTE
r-oldrel-macos-x86_64 4.3.3 88.00 NOTE
r-oldrel-windows-ix86+x86_64 4.3.3 278.00 121.00 399.00 NOTE

Check Details

Version: 4.3.3
Check: LazyData
Result: NOTE
     'LazyData' is specified without a 'data' directory
Flavors: r-devel-linux-x86_64-debian-clang, r-devel-linux-x86_64-debian-gcc, r-devel-linux-x86_64-fedora-clang, r-devel-linux-x86_64-fedora-gcc, r-devel-windows-x86_64, r-patched-linux-x86_64, r-release-linux-x86_64, r-release-macos-arm64, r-release-macos-x86_64, r-release-windows-x86_64, r-oldrel-macos-arm64, r-oldrel-macos-x86_64, r-oldrel-windows-ix86+x86_64

Version: 4.3.3
Check: installed package size
Result: NOTE
     installed size is 5.7Mb
     sub-directories of 1Mb or more:
     extdata 2.7Mb
     libs 2.2Mb
Flavors: r-devel-linux-x86_64-fedora-clang, r-release-macos-arm64, r-release-macos-x86_64, r-oldrel-macos-arm64, r-oldrel-macos-x86_64, r-oldrel-windows-ix86+x86_64