CRAN Package Check Results for Package paws.analytics

Last updated on 2022-07-03 07:52:00 CEST.

Flavor Version Tinstall Tcheck Ttotal Status Flags
r-devel-linux-x86_64-debian-clang 0.1.12 57.19 98.04 155.23 NOTE
r-devel-linux-x86_64-debian-gcc 0.1.12 47.05 74.01 121.06 NOTE
r-devel-linux-x86_64-fedora-clang 0.1.12 193.90 NOTE
r-devel-linux-x86_64-fedora-gcc 0.1.12 190.01 NOTE
r-devel-windows-x86_64 0.1.12 360.00 135.00 495.00 NOTE
r-patched-linux-x86_64 0.1.12 67.65 91.84 159.49 OK
r-release-linux-x86_64 0.1.12 47.33 90.73 138.06 OK
r-release-macos-arm64 0.1.12 48.00 OK
r-release-macos-x86_64 0.1.12 95.00 OK
r-release-windows-x86_64 0.1.12 778.00 140.00 918.00 OK
r-oldrel-macos-arm64 0.1.12 70.00 OK
r-oldrel-macos-x86_64 0.1.12 86.00 OK
r-oldrel-windows-ix86+x86_64 0.1.12 85.00 112.00 197.00 OK

Check Details

Version: 0.1.12
Check: Rd files
Result: NOTE
    checkRd: (-1) glue_search_tables.Rd:24: Escaped LaTeX specials: \#
Flavors: r-devel-linux-x86_64-debian-clang, r-devel-linux-x86_64-debian-gcc, r-devel-linux-x86_64-fedora-clang, r-devel-linux-x86_64-fedora-gcc, r-devel-windows-x86_64