Last updated on 2022-05-27 07:50:11 CEST.
Flavor | Version | Tinstall | Tcheck | Ttotal | Status | Flags |
---|---|---|---|---|---|---|
r-devel-linux-x86_64-debian-clang | 1.5.1 | 3.83 | 69.71 | 73.54 | OK | |
r-devel-linux-x86_64-debian-gcc | 1.5.1 | 2.69 | 54.69 | 57.38 | OK | |
r-devel-linux-x86_64-fedora-clang | 1.5.1 | 87.04 | OK | |||
r-devel-linux-x86_64-fedora-gcc | 1.5.1 | 74.26 | OK | |||
r-devel-windows-x86_64 | 1.5.1 | 62.00 | 105.00 | 167.00 | OK | |
r-patched-linux-x86_64 | 1.5.1 | 4.23 | 65.32 | 69.55 | OK | |
r-release-linux-x86_64 | 1.5.1 | 3.61 | 67.44 | 71.05 | OK | |
r-release-macos-arm64 | 1.5.1 | 33.00 | NOTE | |||
r-release-macos-x86_64 | 1.5.1 | 42.00 | NOTE | |||
r-release-windows-x86_64 | 1.5.1 | 74.00 | 102.00 | 176.00 | OK | |
r-oldrel-macos-arm64 | 1.5.1 | 43.00 | NOTE | |||
r-oldrel-macos-x86_64 | 1.5.1 | 41.00 | NOTE | |||
r-oldrel-windows-ix86+x86_64 | 1.5.1 | 8.00 | 97.00 | 105.00 | OK |
Version: 1.5.1
Check: package dependencies
Result: NOTE
Package suggested but not available for checking: ‘Rmpi’
Flavors: r-release-macos-arm64, r-release-macos-x86_64, r-oldrel-macos-arm64, r-oldrel-macos-x86_64