CRAN Package Check Results for Package paleopop

Last updated on 2022-01-20 06:49:27 CET.

Flavor Version Tinstall Tcheck Ttotal Status Flags
r-devel-linux-x86_64-debian-clang 2.1.2 OK
r-devel-linux-x86_64-debian-gcc 2.1.2 13.90 407.30 421.20 OK
r-devel-linux-x86_64-fedora-clang 2.1.2 675.30 NOTE
r-devel-linux-x86_64-fedora-gcc 2.1.2 561.41 OK
r-devel-windows-x86_64-new-UL 2.1.2 54.00 455.00 509.00 OK
r-devel-windows-x86_64-new-TK 2.1.2 OK
r-patched-linux-x86_64 2.1.2 22.15 525.49 547.64 OK
r-release-linux-x86_64 2.1.2 OK
r-release-macos-arm64 2.1.2 OK
r-release-macos-x86_64 2.1.2 OK
r-release-windows-ix86+x86_64 2.1.2 31.00 485.00 516.00 OK
r-oldrel-macos-x86_64 2.1.2 OK
r-oldrel-windows-ix86+x86_64 2.1.2 30.00 486.00 516.00 OK

Check Details

Version: 2.1.2
Check: Rd cross-references
Result: NOTE
    Undeclared package ‘trend’ in Rd xrefs
Flavor: r-devel-linux-x86_64-fedora-clang