CRAN Package Check Results for Package paleobioDB

Last updated on 2022-07-07 07:51:29 CEST.

Flavor Version Tinstall Tcheck Ttotal Status Flags
r-devel-linux-x86_64-debian-clang 0.7.0 28.21 259.46 287.67 NOTE
r-devel-linux-x86_64-debian-gcc 0.7.0 24.51 191.65 216.16 NOTE
r-devel-linux-x86_64-fedora-clang 0.7.0 337.88 WARN
r-devel-linux-x86_64-fedora-gcc 0.7.0 348.14 WARN
r-devel-windows-x86_64 0.7.0 60.00 266.00 326.00 NOTE
r-patched-linux-x86_64 0.7.0 29.92 251.52 281.44 NOTE
r-release-linux-x86_64 0.7.0 30.37 250.07 280.44 NOTE
r-release-macos-arm64 0.7.0 71.00 NOTE
r-release-macos-x86_64 0.7.0 106.00 NOTE
r-release-windows-x86_64 0.7.0 52.00 267.00 319.00 NOTE
r-oldrel-macos-arm64 0.7.0 45.00 NOTE
r-oldrel-macos-x86_64 0.7.0 72.00 NOTE
r-oldrel-windows-ix86+x86_64 0.7.0 64.00 264.00 328.00 NOTE

Check Details

Version: 0.7.0
Check: LazyData
Result: NOTE
     'LazyData' is specified without a 'data' directory
Flavors: r-devel-linux-x86_64-debian-clang, r-devel-linux-x86_64-debian-gcc, r-devel-linux-x86_64-fedora-clang, r-devel-linux-x86_64-fedora-gcc, r-devel-windows-x86_64, r-patched-linux-x86_64, r-release-linux-x86_64, r-release-macos-arm64, r-release-macos-x86_64, r-release-windows-x86_64, r-oldrel-macos-arm64, r-oldrel-macos-x86_64, r-oldrel-windows-ix86+x86_64

Version: 0.7.0
Check: package dependencies
Result: WARN
    Requires orphaned package: ‘gtools’
Flavors: r-devel-linux-x86_64-fedora-clang, r-devel-linux-x86_64-fedora-gcc