CRAN Package Check Results for Package padr

Last updated on 2022-01-20 06:49:27 CET.

Flavor Version Tinstall Tcheck Ttotal Status Flags
r-devel-linux-x86_64-debian-clang 0.6.0 OK
r-devel-linux-x86_64-debian-gcc 0.6.0 26.60 60.87 87.47 OK
r-devel-linux-x86_64-fedora-clang 0.6.0 160.51 OK
r-devel-linux-x86_64-fedora-gcc 0.6.0 142.93 OK
r-devel-windows-x86_64-new-UL 0.6.0 82.00 124.00 206.00 OK
r-devel-windows-x86_64-new-TK 0.6.0 OK
r-patched-linux-x86_64 0.6.0 36.38 80.27 116.65 OK
r-release-linux-x86_64 0.6.0 OK
r-release-macos-arm64 0.6.0 OK
r-release-macos-x86_64 0.6.0 OK
r-release-windows-ix86+x86_64 0.6.0 94.00 150.00 244.00 NOTE
r-oldrel-macos-x86_64 0.6.0 OK
r-oldrel-windows-ix86+x86_64 0.6.0 95.00 152.00 247.00 NOTE

Check Details

Version: 0.6.0
Check: installed package size
Result: NOTE
     installed size is 5.2Mb
     sub-directories of 1Mb or more:
     data 1.7Mb
     doc 1.3Mb
     libs 2.0Mb
Flavors: r-release-windows-ix86+x86_64, r-oldrel-windows-ix86+x86_64