CRAN Package Check Results for Package oysteR

Last updated on 2022-01-25 07:50:15 CET.

Flavor Version Tinstall Tcheck Ttotal Status Flags
r-devel-linux-x86_64-debian-clang 0.1.1 4.57 55.64 60.21 NOTE
r-devel-linux-x86_64-debian-gcc 0.1.1 3.51 43.11 46.62 NOTE
r-devel-linux-x86_64-fedora-clang 0.1.1 72.92 NOTE
r-devel-linux-x86_64-fedora-gcc 0.1.1 61.90 NOTE
r-devel-windows-x86_64-new-UL 0.1.1 36.00 76.00 112.00 NOTE
r-devel-windows-x86_64-new-TK 0.0.1 NOTE
r-patched-linux-x86_64 0.1.1 4.19 51.76 55.95 NOTE
r-release-linux-x86_64 0.1.1 3.93 52.29 56.22 NOTE
r-release-macos-arm64 0.1.1 NOTE
r-release-macos-x86_64 0.1.1 NOTE
r-release-windows-ix86+x86_64 0.1.1 12.00 62.00 74.00 NOTE
r-oldrel-macos-x86_64 0.1.1 OK
r-oldrel-windows-ix86+x86_64 0.1.1 12.00 62.00 74.00 OK

Additional issues

donttest

Check Details

Version: 0.1.1
Check: LazyData
Result: NOTE
     'LazyData' is specified without a 'data' directory
Flavors: r-devel-linux-x86_64-debian-clang, r-devel-linux-x86_64-debian-gcc, r-devel-linux-x86_64-fedora-clang, r-devel-linux-x86_64-fedora-gcc, r-devel-windows-x86_64-new-UL, r-devel-windows-x86_64-new-TK, r-patched-linux-x86_64, r-release-linux-x86_64, r-release-macos-arm64, r-release-macos-x86_64, r-release-windows-ix86+x86_64