Last updated on 2022-06-30 07:50:17 CEST.
Flavor | Version | Tinstall | Tcheck | Ttotal | Status | Flags |
---|---|---|---|---|---|---|
r-devel-linux-x86_64-debian-clang | 1.1.1 | 4.56 | 82.38 | 86.94 | OK | |
r-devel-linux-x86_64-debian-gcc | 1.1.1 | 2.85 | 62.49 | 65.34 | OK | |
r-devel-linux-x86_64-fedora-clang | 1.1.1 | 112.18 | OK | |||
r-devel-linux-x86_64-fedora-gcc | 1.1.1 | 122.45 | OK | |||
r-devel-windows-x86_64 | 1.1.1 | 27.00 | 121.00 | 148.00 | OK | |
r-patched-linux-x86_64 | 1.1.1 | 4.83 | 78.74 | 83.57 | OK | |
r-release-linux-x86_64 | 1.1.1 | 3.94 | 79.23 | 83.17 | OK | |
r-release-macos-arm64 | 1.1.1 | 51.00 | OK | |||
r-release-macos-x86_64 | 1.1.1 | 134.00 | OK | |||
r-release-windows-x86_64 | 1.1.1 | 29.00 | 115.00 | 144.00 | OK | |
r-oldrel-macos-arm64 | 1.1.1 | 84.00 | OK | |||
r-oldrel-macos-x86_64 | 1.1.1 | 96.00 | OK | |||
r-oldrel-windows-ix86+x86_64 | 1.1.1 | 9.00 | 58.00 | 67.00 | WARN |
Version: 1.1.1
Check: re-building of vignette outputs
Result: WARN
Error(s) in re-building vignettes:
--- re-building 'basic-usage.Rmd' using rmarkdown
Error: processing vignette 'basic-usage.Rmd' failed with diagnostics:
only `math_method = 'mathjax'` is supported with earlier version than Pandoc 2.0
--- failed re-building 'basic-usage.Rmd'
SUMMARY: processing the following file failed:
'basic-usage.Rmd'
Error: Vignette re-building failed.
Execution halted
Flavor: r-oldrel-windows-ix86+x86_64