CRAN Package Check Results for Package outreg

Last updated on 2022-08-15 07:50:21 CEST.

Flavor Version Tinstall Tcheck Ttotal Status Flags
r-devel-linux-x86_64-debian-clang 0.2.2 3.25 39.49 42.74 NOTE
r-devel-linux-x86_64-debian-gcc 0.2.2 2.04 30.30 32.34 NOTE
r-devel-linux-x86_64-fedora-clang 0.2.2 61.01 NOTE
r-devel-linux-x86_64-fedora-gcc 0.2.2 60.96 NOTE
r-devel-windows-x86_64 0.2.2 9.00 63.00 72.00 NOTE
r-patched-linux-x86_64 0.2.2 2.45 37.82 40.27 NOTE
r-release-linux-x86_64 0.2.2 2.33 38.18 40.51 NOTE
r-release-macos-arm64 0.2.2 18.00 NOTE
r-release-macos-x86_64 0.2.2 34.00 NOTE
r-release-windows-x86_64 0.2.2 5.00 65.00 70.00 NOTE
r-oldrel-macos-arm64 0.2.2 20.00 NOTE
r-oldrel-macos-x86_64 0.2.2 32.00 NOTE
r-oldrel-windows-ix86+x86_64 0.2.2 6.00 60.00 66.00 NOTE

Check Details

Version: 0.2.2
Check: LazyData
Result: NOTE
     'LazyData' is specified without a 'data' directory
Flavors: r-devel-linux-x86_64-debian-clang, r-devel-linux-x86_64-debian-gcc, r-devel-linux-x86_64-fedora-clang, r-devel-linux-x86_64-fedora-gcc, r-devel-windows-x86_64, r-patched-linux-x86_64, r-release-linux-x86_64, r-release-macos-arm64, r-release-macos-x86_64, r-release-windows-x86_64, r-oldrel-macos-arm64, r-oldrel-macos-x86_64, r-oldrel-windows-ix86+x86_64