CRAN Package Check Results for Package osqp

Last updated on 2022-07-06 07:49:04 CEST.

Flavor Version Tinstall Tcheck Ttotal Status Flags
r-devel-linux-x86_64-debian-clang 0.6.0.5 38.41 71.75 110.16 WARN
r-devel-linux-x86_64-debian-gcc 0.6.0.5 30.57 54.43 85.00 OK
r-devel-linux-x86_64-fedora-clang 0.6.0.5 155.41 WARN
r-devel-linux-x86_64-fedora-gcc 0.6.0.5 150.50 OK
r-devel-windows-x86_64 0.6.0.5 141.00 119.00 260.00 OK
r-patched-linux-x86_64 0.6.0.5 32.18 69.82 102.00 OK
r-release-linux-x86_64 0.6.0.5 30.99 68.57 99.56 OK
r-release-macos-arm64 0.6.0.5 40.00 OK
r-release-macos-x86_64 0.6.0.5 58.00 OK
r-release-windows-x86_64 0.6.0.5 170.00 117.00 287.00 OK
r-oldrel-macos-arm64 0.6.0.5 40.00 OK
r-oldrel-macos-x86_64 0.6.0.5 54.00 OK
r-oldrel-windows-ix86+x86_64 0.6.0.5 116.00 126.00 242.00 OK

Additional issues

clang14

Check Details

Version: 0.6.0.5
Check: whether package can be installed
Result: WARN
    Found the following significant warnings:
     osqp_solve_interface.cpp:200:7: warning: use of bitwise '&' with boolean operands [-Wbitwise-instead-of-logical]
     osqp_solve_interface.cpp:203:7: warning: use of bitwise '&' with boolean operands [-Wbitwise-instead-of-logical]
     osqp_solve_interface.cpp:206:7: warning: use of bitwise '&' with boolean operands [-Wbitwise-instead-of-logical]
     osqp_solve_interface.cpp:230:7: warning: use of bitwise '&' with boolean operands [-Wbitwise-instead-of-logical]
     osqp_solve_interface.cpp:238:7: warning: use of bitwise '&' with boolean operands [-Wbitwise-instead-of-logical]
     osqp_solve_interface.cpp:245:7: warning: use of bitwise '&' with boolean operands [-Wbitwise-instead-of-logical]
Flavors: r-devel-linux-x86_64-debian-clang, r-devel-linux-x86_64-fedora-clang