CRAN Package Check Results for Package oshka

Last updated on 2022-05-17 07:53:11 CEST.

Flavor Version Tinstall Tcheck Ttotal Status Flags
r-devel-linux-x86_64-debian-clang 0.1.2 2.03 42.78 44.81 NOTE
r-devel-linux-x86_64-debian-gcc 0.1.2 1.49 32.04 33.53 NOTE
r-devel-linux-x86_64-fedora-clang 0.1.2 53.28 NOTE
r-devel-linux-x86_64-fedora-gcc 0.1.2 51.20 NOTE
r-devel-windows-x86_64 0.1.2 16.00 63.00 79.00 NOTE
r-patched-linux-x86_64 0.1.2 1.76 40.42 42.18 NOTE
r-release-linux-x86_64 0.1.2 2.28 40.56 42.84 NOTE
r-release-macos-arm64 0.1.2 20.00 NOTE
r-release-macos-x86_64 0.1.2 27.00 NOTE
r-release-windows-x86_64 0.1.2 13.00 64.00 77.00 NOTE
r-oldrel-macos-arm64 0.1.2 21.00 NOTE
r-oldrel-macos-x86_64 0.1.2 27.00 NOTE
r-oldrel-windows-ix86+x86_64 0.1.2 5.00 53.00 58.00 NOTE

Check Details

Version: 0.1.2
Check: LazyData
Result: NOTE
     'LazyData' is specified without a 'data' directory
Flavors: r-devel-linux-x86_64-debian-clang, r-devel-linux-x86_64-debian-gcc, r-devel-linux-x86_64-fedora-clang, r-devel-linux-x86_64-fedora-gcc, r-devel-windows-x86_64, r-patched-linux-x86_64, r-release-linux-x86_64, r-release-macos-arm64, r-release-macos-x86_64, r-release-windows-x86_64, r-oldrel-macos-arm64, r-oldrel-macos-x86_64, r-oldrel-windows-ix86+x86_64