CRAN Package Check Results for Package osfr

Last updated on 2022-01-18 06:52:54 CET.

Flavor Version Tinstall Tcheck Ttotal Status Flags
r-devel-linux-x86_64-debian-clang 0.2.8 5.73 67.81 73.54 NOTE
r-devel-linux-x86_64-debian-gcc 0.2.8 4.70 50.96 55.66 NOTE
r-devel-linux-x86_64-fedora-clang 0.2.8 89.71 NOTE
r-devel-linux-x86_64-fedora-gcc 0.2.8 75.43 NOTE
r-devel-windows-x86_64-new-UL 0.2.8 60.00 99.00 159.00 NOTE
r-devel-windows-x86_64-new-TK 0.2.8 NOTE
r-patched-linux-x86_64 0.2.8 5.40 64.94 70.34 NOTE
r-release-linux-x86_64 0.2.8 NOTE
r-release-macos-arm64 0.2.8 NOTE
r-release-macos-x86_64 0.2.8 NOTE
r-release-windows-ix86+x86_64 0.2.8 15.00 77.00 92.00 NOTE
r-oldrel-macos-x86_64 0.2.8 OK
r-oldrel-windows-ix86+x86_64 0.2.8 15.00 76.00 91.00 OK

Check Details

Version: 0.2.8
Check: LazyData
Result: NOTE
     'LazyData' is specified without a 'data' directory
Flavors: r-devel-linux-x86_64-debian-clang, r-devel-linux-x86_64-debian-gcc, r-devel-linux-x86_64-fedora-clang, r-devel-linux-x86_64-fedora-gcc, r-devel-windows-x86_64-new-UL, r-devel-windows-x86_64-new-TK, r-patched-linux-x86_64, r-release-linux-x86_64, r-release-macos-arm64, r-release-macos-x86_64, r-release-windows-ix86+x86_64