CRAN Package Check Results for Package oro.pet

Last updated on 2022-06-30 07:50:17 CEST.

Flavor Version Tinstall Tcheck Ttotal Status Flags
r-devel-linux-x86_64-debian-clang 0.2.6 8.25 89.04 97.29 NOTE
r-devel-linux-x86_64-debian-gcc 0.2.6 7.23 66.71 73.94 NOTE
r-devel-linux-x86_64-fedora-clang 0.2.6 127.56 NOTE
r-devel-linux-x86_64-fedora-gcc 0.2.6 128.29 NOTE
r-devel-windows-x86_64 0.2.6 17.00 105.00 122.00 NOTE
r-patched-linux-x86_64 0.2.6 10.69 86.91 97.60 OK
r-release-linux-x86_64 0.2.6 9.84 84.42 94.26 OK
r-release-macos-arm64 0.2.6 34.00 NOTE
r-release-macos-x86_64 0.2.6 51.00 NOTE
r-release-windows-x86_64 0.2.6 22.00 110.00 132.00 OK
r-oldrel-macos-arm64 0.2.6 41.00 NOTE
r-oldrel-macos-x86_64 0.2.6 74.00 NOTE
r-oldrel-windows-ix86+x86_64 0.2.6 21.00 103.00 124.00 OK

Check Details

Version: 0.2.6
Check: Rd files
Result: NOTE
    checkRd: (-1) compartmentalModel.Rd:33: Escaped LaTeX specials: \&
    checkRd: (-1) multilinearReferenceTissueModel.Rd:65: Escaped LaTeX specials: \&
    checkRd: (-1) simplifiedReferenceTissueModel.Rd:60: Escaped LaTeX specials: \&
Flavors: r-devel-linux-x86_64-debian-clang, r-devel-linux-x86_64-debian-gcc, r-devel-linux-x86_64-fedora-clang, r-devel-linux-x86_64-fedora-gcc, r-devel-windows-x86_64

Version: 0.2.6
Check: dependencies in R code
Result: NOTE
    Namespace in Imports field not imported from: ‘grDevices’
     All declared Imports should be used.
Flavors: r-devel-linux-x86_64-fedora-clang, r-devel-linux-x86_64-fedora-gcc, r-release-macos-arm64, r-release-macos-x86_64, r-oldrel-macos-arm64, r-oldrel-macos-x86_64