CRAN Package Check Results for Package oreo

Last updated on 2022-06-29 07:51:27 CEST.

Flavor Version Tinstall Tcheck Ttotal Status Flags
r-devel-linux-x86_64-debian-clang 1.0 4.54 40.68 45.22 OK
r-devel-linux-x86_64-debian-gcc 1.0 3.96 31.70 35.66 OK
r-devel-linux-x86_64-fedora-clang 1.0 65.98 NOTE
r-devel-linux-x86_64-fedora-gcc 1.0 65.53 NOTE
r-devel-windows-x86_64 1.0 15.00 70.00 85.00 OK
r-patched-linux-x86_64 1.0 5.75 39.69 45.44 OK
r-release-linux-x86_64 1.0 3.71 39.87 43.58 OK
r-release-macos-arm64 1.0 23.00 NOTE
r-release-macos-x86_64 1.0 40.00 NOTE
r-release-windows-x86_64 1.0 15.00 66.00 81.00 OK
r-oldrel-macos-arm64 1.0 27.00 NOTE
r-oldrel-macos-x86_64 1.0 37.00 NOTE
r-oldrel-windows-ix86+x86_64 1.0 12.00 65.00 77.00 OK

Check Details

Version: 1.0
Check: dependencies in R code
Result: NOTE
    Namespaces in Imports field not imported from:
     ‘ggplot2’ ‘gridExtra’ ‘scales’ ‘tools’
     All declared Imports should be used.
Flavors: r-devel-linux-x86_64-fedora-clang, r-devel-linux-x86_64-fedora-gcc, r-release-macos-arm64, r-release-macos-x86_64, r-oldrel-macos-arm64, r-oldrel-macos-x86_64