CRAN Package Check Results for Package oppr

Last updated on 2022-01-19 07:46:53 CET.

Flavor Version Tinstall Tcheck Ttotal Status Flags
r-devel-linux-x86_64-debian-clang 1.0.3 NOTE
r-devel-linux-x86_64-debian-gcc 1.0.3 178.03 126.22 304.25 NOTE
r-devel-linux-x86_64-fedora-clang 1.0.3 571.73 NOTE
r-devel-linux-x86_64-fedora-gcc 1.0.3 513.90 NOTE
r-devel-windows-x86_64-new-UL 1.0.3 316.00 232.00 548.00 NOTE
r-devel-windows-x86_64-new-TK 1.0.3 NOTE
r-patched-linux-x86_64 1.0.3 217.00 158.58 375.58 NOTE
r-release-linux-x86_64 1.0.3 NOTE
r-release-macos-arm64 1.0.3 NOTE
r-release-macos-x86_64 1.0.3 NOTE
r-release-windows-ix86+x86_64 1.0.3 572.00 311.00 883.00 NOTE
r-oldrel-macos-x86_64 1.0.3 NOTE
r-oldrel-windows-ix86+x86_64 1.0.3 135.00 9.00 144.00 ERROR

Check Details

Version: 1.0.3
Check: package dependencies
Result: NOTE
    Package suggested but not available for checking: 'gurobi'
Flavors: r-devel-linux-x86_64-debian-clang, r-devel-linux-x86_64-debian-gcc, r-devel-linux-x86_64-fedora-clang, r-devel-linux-x86_64-fedora-gcc, r-devel-windows-x86_64-new-UL, r-devel-windows-x86_64-new-TK, r-patched-linux-x86_64, r-release-linux-x86_64, r-release-windows-ix86+x86_64, r-oldrel-windows-ix86+x86_64

Version: 1.0.3
Check: installed package size
Result: NOTE
     installed size is 8.1Mb
     sub-directories of 1Mb or more:
     libs 6.4Mb
Flavors: r-devel-linux-x86_64-fedora-clang, r-release-macos-arm64, r-release-macos-x86_64, r-oldrel-macos-x86_64

Version: 1.0.3
Check: package dependencies
Result: NOTE
    Packages suggested but not available for checking:
     'gurobi', 'ggtree', 'Rsymphony', 'lpsymphony'
Flavor: r-release-macos-arm64

Version: 1.0.3
Check: Rd cross-references
Result: NOTE
    Package unavailable to check Rd xrefs: ‘ggtree’
Flavors: r-release-macos-arm64, r-release-macos-x86_64, r-oldrel-macos-x86_64

Version: 1.0.3
Check: package dependencies
Result: NOTE
    Packages suggested but not available for checking:
     'gurobi', 'ggtree', 'lpsymphony'
Flavors: r-release-macos-x86_64, r-oldrel-macos-x86_64

Version: 1.0.3
Check: whether package can be installed
Result: ERROR
    Installation failed.
Flavor: r-oldrel-windows-ix86+x86_64