Last updated on 2022-07-06 07:49:04 CEST.
Flavor | Version | Tinstall | Tcheck | Ttotal | Status | Flags |
---|---|---|---|---|---|---|
r-devel-linux-x86_64-debian-clang | 1.2.0 | 162.77 | 160.10 | 322.87 | OK | |
r-devel-linux-x86_64-debian-gcc | 1.2.0 | 148.13 | 117.97 | 266.10 | OK | |
r-devel-linux-x86_64-fedora-clang | 1.2.0 | 458.75 | NOTE | |||
r-devel-linux-x86_64-fedora-gcc | 1.2.0 | 433.81 | NOTE | |||
r-devel-windows-x86_64 | 1.2.0 | 119.00 | 206.00 | 325.00 | NOTE | |
r-patched-linux-x86_64 | 1.2.0 | 155.13 | 150.32 | 305.45 | OK | |
r-release-linux-x86_64 | 1.2.0 | 155.37 | 150.96 | 306.33 | OK | |
r-release-macos-arm64 | 1.2.0 | 102.00 | NOTE | |||
r-release-macos-x86_64 | 1.2.0 | 140.00 | NOTE | |||
r-release-windows-x86_64 | 1.2.0 | 130.00 | 211.00 | 341.00 | NOTE | |
r-oldrel-macos-arm64 | 1.2.0 | 95.00 | NOTE | |||
r-oldrel-macos-x86_64 | 1.2.0 | 140.00 | NOTE | |||
r-oldrel-windows-ix86+x86_64 | 1.2.0 | 357.00 | 275.00 | 632.00 | NOTE |
Version: 1.2.0
Check: installed package size
Result: NOTE
installed size is 33.0Mb
sub-directories of 1Mb or more:
doc 1.0Mb
extdata 2.1Mb
libs 29.3Mb
Flavors: r-devel-linux-x86_64-fedora-clang, r-devel-windows-x86_64, r-release-macos-arm64, r-release-macos-x86_64, r-release-windows-x86_64, r-oldrel-macos-arm64, r-oldrel-macos-x86_64, r-oldrel-windows-ix86+x86_64
Version: 1.2.0
Check: dependencies in R code
Result: NOTE
Namespace in Imports field not imported from: ‘Rdpack’
All declared Imports should be used.
Flavors: r-devel-linux-x86_64-fedora-clang, r-devel-linux-x86_64-fedora-gcc, r-release-macos-arm64, r-release-macos-x86_64, r-oldrel-macos-arm64, r-oldrel-macos-x86_64