Last updated on 2022-05-27 07:50:11 CEST.
Flavor | Version | Tinstall | Tcheck | Ttotal | Status | Flags |
---|---|---|---|---|---|---|
r-devel-linux-x86_64-debian-clang | 2.2.8 | 4.39 | 52.80 | 57.19 | OK | |
r-devel-linux-x86_64-debian-gcc | 2.2.8 | 4.69 | 39.81 | 44.50 | OK | |
r-devel-linux-x86_64-fedora-clang | 2.2.8 | 72.73 | NOTE | |||
r-devel-linux-x86_64-fedora-gcc | 2.2.8 | 69.88 | NOTE | |||
r-devel-windows-x86_64 | 2.2.8 | 31.00 | 70.00 | 101.00 | NOTE | |
r-patched-linux-x86_64 | 2.2.8 | 6.53 | 50.99 | 57.52 | OK | |
r-release-linux-x86_64 | 2.2.8 | 3.87 | 50.67 | 54.54 | OK | |
r-release-macos-arm64 | 2.2.8 | 24.00 | NOTE | |||
r-release-macos-x86_64 | 2.2.8 | 32.00 | NOTE | |||
r-release-windows-x86_64 | 2.2.8 | 43.00 | 63.00 | 106.00 | NOTE | |
r-oldrel-macos-arm64 | 2.2.8 | 23.00 | NOTE | |||
r-oldrel-macos-x86_64 | 2.2.8 | 32.00 | NOTE | |||
r-oldrel-windows-ix86+x86_64 | 2.2.8 | 14.00 | 59.00 | 73.00 | NOTE |
Version: 2.2.8
Check: data for non-ASCII characters
Result: NOTE
Note: found 4 marked UTF-8 strings
Flavors: r-devel-linux-x86_64-fedora-clang, r-devel-linux-x86_64-fedora-gcc, r-release-macos-arm64, r-release-macos-x86_64, r-oldrel-macos-arm64, r-oldrel-macos-x86_64
Version: 2.2.8
Check: package dependencies
Result: NOTE
Package suggested but not available for checking: 'unix'
Flavors: r-devel-windows-x86_64, r-release-windows-x86_64, r-oldrel-windows-ix86+x86_64