Last updated on 2022-05-26 06:55:47 CEST.
Flavor | Version | Tinstall | Tcheck | Ttotal | Status | Flags |
---|---|---|---|---|---|---|
r-devel-linux-x86_64-debian-clang | 0.2-7 | 3.33 | 58.54 | 61.87 | NOTE | |
r-devel-linux-x86_64-debian-gcc | 0.2-7 | 3.44 | 49.13 | 52.57 | NOTE | |
r-devel-linux-x86_64-fedora-clang | 0.2-7 | 69.79 | NOTE | |||
r-devel-linux-x86_64-fedora-gcc | 0.2-7 | 64.37 | NOTE | |||
r-devel-windows-x86_64 | 0.2-7 | 15.00 | 66.00 | 81.00 | NOTE | |
r-patched-linux-x86_64 | 0.2-7 | 4.46 | 56.79 | 61.25 | NOTE | |
r-release-linux-x86_64 | 0.2-7 | NOTE | ||||
r-release-macos-arm64 | 0.2-7 | 26.00 | NOTE | |||
r-release-macos-x86_64 | 0.2-7 | 31.00 | NOTE | |||
r-release-windows-x86_64 | 0.2-7 | 7.00 | 66.00 | 73.00 | NOTE | |
r-oldrel-macos-arm64 | 0.2-7 | 34.00 | NOTE | |||
r-oldrel-macos-x86_64 | 0.2-7 | 39.00 | NOTE | |||
r-oldrel-windows-ix86+x86_64 | 0.2-7 | 9.00 | 43.00 | 52.00 | NOTE |
Version: 0.2-7
Check: package dependencies
Result: NOTE
Package suggested but not available for checking: 'openNLPmodels.en'
Flavors: r-devel-linux-x86_64-debian-clang, r-devel-linux-x86_64-debian-gcc, r-devel-linux-x86_64-fedora-clang, r-devel-linux-x86_64-fedora-gcc, r-devel-windows-x86_64, r-patched-linux-x86_64, r-release-linux-x86_64, r-release-macos-arm64, r-release-macos-x86_64, r-release-windows-x86_64, r-oldrel-macos-arm64, r-oldrel-macos-x86_64, r-oldrel-windows-ix86+x86_64