Last updated on 2022-05-15 07:54:32 CEST.
Flavor | Version | Tinstall | Tcheck | Ttotal | Status | Flags |
---|---|---|---|---|---|---|
r-devel-linux-x86_64-debian-clang | 1.0.0 | 6.19 | 71.27 | 77.46 | NOTE | |
r-devel-linux-x86_64-debian-gcc | 1.0.0 | 4.44 | 52.49 | 56.93 | NOTE | |
r-devel-linux-x86_64-fedora-clang | 1.0.0 | 98.46 | NOTE | |||
r-devel-linux-x86_64-fedora-gcc | 1.0.0 | 87.94 | NOTE | |||
r-devel-windows-x86_64 | 1.0.0 | 28.00 | 82.00 | 110.00 | NOTE | |
r-patched-linux-x86_64 | 1.0.0 | 4.59 | 66.35 | 70.94 | NOTE | |
r-release-linux-x86_64 | 1.0.0 | 6.54 | 67.38 | 73.92 | NOTE | |
r-release-macos-arm64 | 1.0.0 | 27.00 | NOTE | |||
r-release-macos-x86_64 | 1.0.0 | 43.00 | NOTE | |||
r-release-windows-x86_64 | 1.0.0 | 31.00 | 89.00 | 120.00 | NOTE | |
r-oldrel-macos-arm64 | 1.0.0 | 30.00 | NOTE | |||
r-oldrel-macos-x86_64 | 1.0.0 | 37.00 | NOTE | |||
r-oldrel-windows-ix86+x86_64 | 1.0.0 | 16.00 | 82.00 | 98.00 | NOTE |
Version: 1.0.0
Check: LazyData
Result: NOTE
'LazyData' is specified without a 'data' directory
Flavors: r-devel-linux-x86_64-debian-clang, r-devel-linux-x86_64-debian-gcc, r-devel-linux-x86_64-fedora-clang, r-devel-linux-x86_64-fedora-gcc, r-devel-windows-x86_64, r-patched-linux-x86_64, r-release-linux-x86_64, r-release-macos-arm64, r-release-macos-x86_64, r-release-windows-x86_64, r-oldrel-macos-arm64, r-oldrel-macos-x86_64, r-oldrel-windows-ix86+x86_64