CRAN Package Check Results for Package onc.api

Last updated on 2022-08-19 06:52:29 CEST.

Flavor Version Tinstall Tcheck Ttotal Status Flags
r-devel-linux-x86_64-debian-clang 2.0.1.0 4.09 35.47 39.56 OK
r-devel-linux-x86_64-debian-gcc 2.0.1.0 3.89 27.68 31.57 OK
r-devel-linux-x86_64-fedora-clang 2.0.1.0 59.56 NOTE
r-devel-linux-x86_64-fedora-gcc 2.0.1.0 56.12 NOTE
r-devel-windows-x86_64 2.0.1.0 39.00 73.00 112.00 OK
r-patched-linux-x86_64 2.0.1.0 5.07 33.28 38.35 OK
r-release-linux-x86_64 2.0.1.0 OK
r-release-macos-arm64 2.0.1.0 17.00 NOTE
r-release-macos-x86_64 2.0.1.0 29.00 NOTE
r-release-windows-x86_64 2.0.1.0 44.00 62.00 106.00 OK
r-oldrel-macos-arm64 2.0.1.0 25.00 NOTE
r-oldrel-macos-x86_64 2.0.1.0 31.00 NOTE
r-oldrel-windows-ix86+x86_64 2.0.1.0 12.00 66.00 78.00 WARN

Check Details

Version: 2.0.1.0
Check: dependencies in R code
Result: NOTE
    Namespaces in Imports field not imported from:
     ‘crayon’ ‘testthat’
     All declared Imports should be used.
Flavors: r-devel-linux-x86_64-fedora-clang, r-devel-linux-x86_64-fedora-gcc, r-release-macos-arm64, r-release-macos-x86_64, r-oldrel-macos-arm64, r-oldrel-macos-x86_64

Version: 2.0.1.0
Check: for unstated dependencies in ‘tests’
Result: WARN
    Warning: unable to access index for repository https://bioconductor.org/packages/3.14/bioc/src/contrib:
     cannot open URL 'https://bioconductor.org/packages/3.14/bioc/src/contrib/PACKAGES'
    Warning: unable to access index for repository https://bioconductor.org/packages/3.14/data/annotation/src/contrib:
     cannot open URL 'https://bioconductor.org/packages/3.14/data/annotation/src/contrib/PACKAGES'
    Warning: unable to access index for repository https://bioconductor.org/packages/3.14/data/experiment/src/contrib:
     cannot open URL 'https://bioconductor.org/packages/3.14/data/experiment/src/contrib/PACKAGES'
Flavor: r-oldrel-windows-ix86+x86_64