CRAN Package Check Results for Package oceanic

Last updated on 2022-08-15 07:50:21 CEST.

Flavor Version Tinstall Tcheck Ttotal Status Flags
r-devel-linux-x86_64-debian-clang 0.1.4 37.11 309.17 346.28 OK
r-devel-linux-x86_64-debian-gcc 0.1.4 29.94 223.80 253.74 OK
r-devel-linux-x86_64-fedora-clang 0.1.4 407.89 NOTE
r-devel-linux-x86_64-fedora-gcc 0.1.4 406.77 NOTE
r-devel-windows-x86_64 0.1.4 33.00 292.00 325.00 OK
r-patched-linux-x86_64 0.1.4 31.85 294.56 326.41 OK
r-release-linux-x86_64 0.1.4 23.57 290.29 313.86 OK
r-release-macos-arm64 0.1.4 69.00 NOTE
r-release-macos-x86_64 0.1.4 126.00 NOTE
r-release-windows-x86_64 0.1.4 33.00 280.00 313.00 OK
r-oldrel-macos-arm64 0.1.4 74.00 NOTE
r-oldrel-macos-x86_64 0.1.4 121.00 NOTE
r-oldrel-windows-ix86+x86_64 0.1.4 77.00 302.00 379.00 OK

Check Details

Version: 0.1.4
Check: data for non-ASCII characters
Result: NOTE
     Note: found 1242 marked UTF-8 strings
Flavors: r-devel-linux-x86_64-fedora-clang, r-devel-linux-x86_64-fedora-gcc, r-release-macos-arm64, r-release-macos-x86_64, r-oldrel-macos-arm64, r-oldrel-macos-x86_64