Last updated on 2022-07-06 07:49:04 CEST.
Flavor | Version | Tinstall | Tcheck | Ttotal | Status | Flags |
---|---|---|---|---|---|---|
r-devel-linux-x86_64-debian-clang | 1.0.2 | 19.28 | 62.44 | 81.72 | OK | |
r-devel-linux-x86_64-debian-gcc | 1.0.2 | 16.87 | 49.12 | 65.99 | OK | |
r-devel-linux-x86_64-fedora-clang | 1.0.2 | 112.41 | OK | |||
r-devel-linux-x86_64-fedora-gcc | 1.0.2 | 112.76 | OK | |||
r-devel-windows-x86_64 | 1.0.2 | 28.00 | 92.00 | 120.00 | OK | |
r-patched-linux-x86_64 | 1.0.2 | 20.18 | 60.79 | 80.97 | OK | |
r-release-linux-x86_64 | 1.0.2 | 18.71 | 59.18 | 77.89 | OK | |
r-release-macos-arm64 | 1.0.2 | 46.00 | NOTE | |||
r-release-macos-x86_64 | 1.0.2 | 51.00 | OK | |||
r-release-windows-x86_64 | 1.0.2 | 26.00 | 95.00 | 121.00 | OK | |
r-oldrel-macos-arm64 | 1.0.2 | 47.00 | NOTE | |||
r-oldrel-macos-x86_64 | 1.0.2 | 77.00 | OK | |||
r-oldrel-windows-ix86+x86_64 | 1.0.2 | 34.00 | 82.00 | 116.00 | OK |
Version: 1.0.2
Check: installed package size
Result: NOTE
installed size is 5.1Mb
sub-directories of 1Mb or more:
data 5.0Mb
Flavors: r-release-macos-arm64, r-oldrel-macos-arm64