CRAN Package Check Results for Package nsrr

Last updated on 2022-01-23 07:14:07 CET.

Flavor Version Tinstall Tcheck Ttotal Status Flags
r-devel-linux-x86_64-debian-clang 0.2.0 1.76 45.46 47.22 NOTE
r-devel-linux-x86_64-debian-gcc 0.2.0 1.83 39.79 41.62 NOTE
r-devel-linux-x86_64-fedora-clang 0.2.0 58.97 NOTE
r-devel-linux-x86_64-fedora-gcc 0.2.0 47.65 NOTE
r-devel-windows-x86_64-new-UL 0.2.0 32.00 98.00 130.00 NOTE
r-devel-windows-x86_64-new-TK 0.2.0 NOTE
r-patched-linux-x86_64 0.2.0 6.48 44.81 51.29 NOTE
r-release-linux-x86_64 0.2.0 1.95 45.48 47.43 NOTE
r-release-macos-arm64 0.2.0 NOTE
r-release-macos-x86_64 0.2.0 NOTE
r-release-windows-ix86+x86_64 0.2.0 10.00 85.00 95.00 NOTE
r-oldrel-macos-x86_64 0.2.0 OK
r-oldrel-windows-ix86+x86_64 0.2.0 8.00 88.00 96.00 OK

Check Details

Version: 0.2.0
Check: LazyData
Result: NOTE
     'LazyData' is specified without a 'data' directory
Flavors: r-devel-linux-x86_64-debian-clang, r-devel-linux-x86_64-debian-gcc, r-devel-linux-x86_64-fedora-clang, r-devel-linux-x86_64-fedora-gcc, r-devel-windows-x86_64-new-UL, r-devel-windows-x86_64-new-TK, r-patched-linux-x86_64, r-release-linux-x86_64, r-release-macos-arm64, r-release-macos-x86_64, r-release-windows-ix86+x86_64