CRAN Package Check Results for Package nsapi

Last updated on 2022-08-11 07:51:50 CEST.

Flavor Version Tinstall Tcheck Ttotal Status Flags
r-devel-linux-x86_64-debian-clang 0.1.1 2.34 28.12 30.46 NOTE
r-devel-linux-x86_64-debian-gcc 0.1.1 1.81 21.37 23.18 NOTE
r-devel-linux-x86_64-fedora-clang 0.1.1 47.42 NOTE
r-devel-linux-x86_64-fedora-gcc 0.1.1 45.65 NOTE
r-devel-windows-x86_64 0.1.1 9.00 55.00 64.00 NOTE
r-patched-linux-x86_64 0.1.1 2.02 26.83 28.85 NOTE
r-release-linux-x86_64 0.1.1 NOTE
r-release-macos-arm64 0.1.1 19.00 NOTE
r-release-macos-x86_64 0.1.1 24.00 NOTE
r-release-windows-x86_64 0.1.1 15.00 58.00 73.00 NOTE
r-oldrel-macos-arm64 0.1.1 22.00 NOTE
r-oldrel-macos-x86_64 0.1.1 34.00 NOTE
r-oldrel-windows-ix86+x86_64 0.1.1 7.00 45.00 52.00 NOTE

Check Details

Version: 0.1.1
Check: LazyData
Result: NOTE
     'LazyData' is specified without a 'data' directory
Flavors: r-devel-linux-x86_64-debian-clang, r-devel-linux-x86_64-debian-gcc, r-devel-linux-x86_64-fedora-clang, r-devel-linux-x86_64-fedora-gcc, r-devel-windows-x86_64, r-patched-linux-x86_64, r-release-linux-x86_64, r-release-macos-arm64, r-release-macos-x86_64, r-release-windows-x86_64, r-oldrel-macos-arm64, r-oldrel-macos-x86_64, r-oldrel-windows-ix86+x86_64