CRAN Package Check Results for Package nproc

Last updated on 2022-07-04 07:49:01 CEST.

Flavor Version Tinstall Tcheck Ttotal Status Flags
r-devel-linux-x86_64-debian-clang 2.1.5 9.19 128.60 137.79 NOTE
r-devel-linux-x86_64-debian-gcc 2.1.5 6.27 88.44 94.71 NOTE
r-devel-linux-x86_64-fedora-clang 2.1.5 176.69 WARN
r-devel-linux-x86_64-fedora-gcc 2.1.5 176.92 WARN
r-devel-windows-x86_64 2.1.5 18.00 153.00 171.00 NOTE
r-patched-linux-x86_64 2.1.5 10.10 125.53 135.63 NOTE
r-release-linux-x86_64 2.1.5 8.62 128.03 136.65 NOTE
r-release-macos-arm64 2.1.5 48.00 NOTE
r-release-macos-x86_64 2.1.5 65.00 NOTE
r-release-windows-x86_64 2.1.5 24.00 156.00 180.00 NOTE
r-oldrel-macos-arm64 2.1.5 52.00 NOTE
r-oldrel-macos-x86_64 2.1.5 79.00 NOTE
r-oldrel-windows-ix86+x86_64 2.1.5 21.00 175.00 196.00 NOTE

Check Details

Version: 2.1.5
Check: LazyData
Result: NOTE
     'LazyData' is specified without a 'data' directory
Flavors: r-devel-linux-x86_64-debian-clang, r-devel-linux-x86_64-debian-gcc, r-devel-linux-x86_64-fedora-clang, r-devel-linux-x86_64-fedora-gcc, r-devel-windows-x86_64, r-patched-linux-x86_64, r-release-linux-x86_64, r-release-macos-arm64, r-release-macos-x86_64, r-release-windows-x86_64, r-oldrel-macos-arm64, r-oldrel-macos-x86_64, r-oldrel-windows-ix86+x86_64

Version: 2.1.5
Check: package dependencies
Result: WARN
    Requires (indirectly) orphaned package: ‘gtools’
Flavors: r-devel-linux-x86_64-fedora-clang, r-devel-linux-x86_64-fedora-gcc