CRAN Package Check Results for Package nonnest2

Last updated on 2022-01-26 06:50:22 CET.

Flavor Version Tinstall Tcheck Ttotal Status Flags
r-devel-linux-x86_64-debian-clang 0.5-5 3.86 66.61 70.47 NOTE
r-devel-linux-x86_64-debian-gcc 0.5-5 3.59 51.78 55.37 NOTE
r-devel-linux-x86_64-fedora-clang 0.5-5 89.88 NOTE
r-devel-linux-x86_64-fedora-gcc 0.5-5 75.63 NOTE
r-devel-windows-x86_64-new-UL 0.5-5 14.00 108.00 122.00 NOTE
r-devel-windows-x86_64-new-TK 0.5-5 NOTE
r-patched-linux-x86_64 0.5-5 3.69 62.50 66.19 NOTE
r-release-linux-x86_64 0.5-5 4.22 63.24 67.46 NOTE
r-release-macos-arm64 0.5-5 NOTE
r-release-macos-x86_64 0.5-5 NOTE
r-release-windows-ix86+x86_64 0.5-5 10.00 83.00 93.00 NOTE
r-oldrel-macos-x86_64 0.5-5 OK
r-oldrel-windows-ix86+x86_64 0.5-5 10.00 84.00 94.00 OK

Check Details

Version: 0.5-5
Check: LazyData
Result: NOTE
     'LazyData' is specified without a 'data' directory
Flavors: r-devel-linux-x86_64-debian-clang, r-devel-linux-x86_64-debian-gcc, r-devel-linux-x86_64-fedora-clang, r-devel-linux-x86_64-fedora-gcc, r-devel-windows-x86_64-new-UL, r-devel-windows-x86_64-new-TK, r-patched-linux-x86_64, r-release-linux-x86_64, r-release-macos-arm64, r-release-macos-x86_64, r-release-windows-ix86+x86_64

Version: 0.5-5
Check: package dependencies
Result: NOTE
    Packages suggested but not available for checking: 'AER', 'faraway'
Flavor: r-devel-windows-x86_64-new-TK