CRAN Package Check Results for Package nonet

Last updated on 2022-05-18 07:49:03 CEST.

Flavor Version Tinstall Tcheck Ttotal Status Flags
r-devel-linux-x86_64-debian-clang 0.4.0 20.95 274.30 295.25 OK
r-devel-linux-x86_64-debian-gcc 0.4.0 15.22 203.94 219.16 OK
r-devel-linux-x86_64-fedora-clang 0.4.0 342.60 NOTE
r-devel-linux-x86_64-fedora-gcc 0.4.0 328.96 NOTE
r-devel-windows-x86_64 0.4.0 23.00 280.00 303.00 OK
r-patched-linux-x86_64 0.4.0 18.85 235.84 254.69 OK
r-release-linux-x86_64 0.4.0 18.50 238.09 256.59 OK
r-release-macos-arm64 0.4.0 96.00 NOTE
r-release-macos-x86_64 0.4.0 159.00 NOTE
r-release-windows-x86_64 0.4.0 22.00 267.00 289.00 OK
r-oldrel-macos-arm64 0.4.0 149.00 NOTE
r-oldrel-macos-x86_64 0.4.0 198.00 NOTE
r-oldrel-windows-ix86+x86_64 0.4.0 42.00 297.00 339.00 OK

Check Details

Version: 0.4.0
Check: dependencies in R code
Result: NOTE
    Namespaces in Imports field not imported from:
     ‘dplyr’ ‘e1071’ ‘pROC’ ‘purrr’ ‘randomForest’ ‘rlang’
     All declared Imports should be used.
Flavors: r-devel-linux-x86_64-fedora-clang, r-devel-linux-x86_64-fedora-gcc, r-release-macos-arm64, r-release-macos-x86_64, r-oldrel-macos-arm64, r-oldrel-macos-x86_64