CRAN Package Check Results for Package noctua

Last updated on 2022-01-26 06:50:22 CET.

Flavor Version Tinstall Tcheck Ttotal Status Flags
r-devel-linux-x86_64-debian-clang 2.5.0 8.12 70.79 78.91 ERROR
r-devel-linux-x86_64-debian-gcc 2.5.0 6.71 53.58 60.29 ERROR
r-devel-linux-x86_64-fedora-clang 2.5.0 96.61 ERROR
r-devel-linux-x86_64-fedora-gcc 2.5.0 83.18 ERROR
r-devel-windows-x86_64-new-UL 2.5.0 114.00 111.00 225.00 ERROR
r-devel-windows-x86_64-new-TK 2.5.0 ERROR
r-patched-linux-x86_64 2.5.0 14.09 79.19 93.28 OK
r-release-linux-x86_64 2.5.0 8.71 80.25 88.96 OK
r-release-macos-arm64 2.4.0 OK
r-release-macos-x86_64 2.5.0 OK
r-release-windows-ix86+x86_64 2.5.0 17.00 102.00 119.00 OK
r-oldrel-macos-x86_64 2.5.0 OK
r-oldrel-windows-ix86+x86_64 2.5.0 18.00 106.00 124.00 OK

Check Details

Version: 2.5.0
Check: tests
Result: ERROR
     Running 'testthat.R' [4s/5s]
    Running the tests in 'tests/testthat.R' failed.
    Complete output:
     > library(testthat)
     > library(noctua)
     >
     > test_check("noctua")
     [ FAIL 5 | WARN 0 | SKIP 53 | PASS 38 ]
    
     == Skipped tests ===============================================================
     * Environment variables are not set for testing (53)
    
     == Failed tests ================================================================
     -- Error (test-file-parser.R:62:3): Check if json has been correctly parser under chunk method --
     Error in `sample.int(length(x), size, replace, prob)`: invalid 'size' argument
     Backtrace:
     x
     1. \-noctua:::output_test_data(size, test_file) test-file-parser.R:62:2
     2. \-noctua:::test_data(N) test-file-parser.R:24:2
     3. +-data.table::data.table(...) test-file-parser.R:17:2
     4. \-base::sapply(...)
     5. \-base::lapply(X = X, FUN = FUN, ...)
     6. \-noctua:::FUN(X[[i]], ...)
     7. +-base::paste(sample(letters, sample(5:10)), collapse = ",") test-file-parser.R:19:25
     8. \-base::sample(letters, sample(5:10))
     9. \-base::sample.int(length(x), size, replace, prob)
     -- Error (test-file-parser.R:87:3): Binary and json conversion -----------------
     Error in `sample.int(length(x), size, replace, prob)`: invalid 'size' argument
     Backtrace:
     x
     1. \-noctua:::output_test_data(size, test_file) test-file-parser.R:87:2
     2. \-noctua:::test_data(N) test-file-parser.R:24:2
     3. +-data.table::data.table(...) test-file-parser.R:17:2
     4. \-base::sapply(...)
     5. \-base::lapply(X = X, FUN = FUN, ...)
     6. \-noctua:::FUN(X[[i]], ...)
     7. +-base::paste(sample(letters, sample(5:10)), collapse = ",") test-file-parser.R:19:25
     8. \-base::sample(letters, sample(5:10))
     9. \-base::sample.int(length(x), size, replace, prob)
     -- Error (test-file-parser.R:120:3): Check in conversion is turned off ---------
     Error in `sample.int(length(x), size, replace, prob)`: invalid 'size' argument
     Backtrace:
     x
     1. \-noctua:::output_test_data(size, test_file) test-file-parser.R:120:2
     2. \-noctua:::test_data(N) test-file-parser.R:24:2
     3. +-data.table::data.table(...) test-file-parser.R:17:2
     4. \-base::sapply(...)
     5. \-base::lapply(X = X, FUN = FUN, ...)
     6. \-noctua:::FUN(X[[i]], ...)
     7. +-base::paste(sample(letters, sample(5:10)), collapse = ",") test-file-parser.R:19:25
     8. \-base::sample(letters, sample(5:10))
     9. \-base::sample.int(length(x), size, replace, prob)
     -- Error (test-file-parser.R:148:3): Custom json parser ------------------------
     Error in `sample.int(length(x), size, replace, prob)`: invalid 'size' argument
     Backtrace:
     x
     1. \-noctua:::output_test_data(size, test_file) test-file-parser.R:148:2
     2. \-noctua:::test_data(N) test-file-parser.R:24:2
     3. +-data.table::data.table(...) test-file-parser.R:17:2
     4. \-base::sapply(...)
     5. \-base::lapply(X = X, FUN = FUN, ...)
     6. \-noctua:::FUN(X[[i]], ...)
     7. +-base::paste(sample(letters, sample(5:10)), collapse = ",") test-file-parser.R:19:25
     8. \-base::sample(letters, sample(5:10))
     9. \-base::sample.int(length(x), size, replace, prob)
     -- Error (test-file-parser.R:173:3): Custom json parser ------------------------
     Error in `sample.int(length(x), size, replace, prob)`: invalid 'size' argument
     Backtrace:
     x
     1. \-noctua:::output_test_data(size, test_file) test-file-parser.R:173:2
     2. \-noctua:::test_data(N) test-file-parser.R:24:2
     3. +-data.table::data.table(...) test-file-parser.R:17:2
     4. \-base::sapply(...)
     5. \-base::lapply(X = X, FUN = FUN, ...)
     6. \-noctua:::FUN(X[[i]], ...)
     7. +-base::paste(sample(letters, sample(5:10)), collapse = ",") test-file-parser.R:19:25
     8. \-base::sample(letters, sample(5:10))
     9. \-base::sample.int(length(x), size, replace, prob)
    
     [ FAIL 5 | WARN 0 | SKIP 53 | PASS 38 ]
     Error: Test failures
     Execution halted
Flavor: r-devel-linux-x86_64-debian-clang

Version: 2.5.0
Check: tests
Result: ERROR
     Running ‘testthat.R’ [3s/5s]
    Running the tests in ‘tests/testthat.R’ failed.
    Complete output:
     > library(testthat)
     > library(noctua)
     >
     > test_check("noctua")
     [ FAIL 5 | WARN 0 | SKIP 53 | PASS 38 ]
    
     ══ Skipped tests ═══════════════════════════════════════════════════════════════
     • Environment variables are not set for testing (53)
    
     ══ Failed tests ════════════════════════════════════════════════════════════════
     ── Error (test-file-parser.R:62:3): Check if json has been correctly parser under chunk method ──
     Error in `sample.int(length(x), size, replace, prob)`: invalid 'size' argument
     Backtrace:
     █
     1. └─noctua:::output_test_data(size, test_file) test-file-parser.R:62:2
     2. └─noctua:::test_data(N) test-file-parser.R:24:2
     3. ├─data.table::data.table(...) test-file-parser.R:17:2
     4. └─base::sapply(...)
     5. └─base::lapply(X = X, FUN = FUN, ...)
     6. └─noctua:::FUN(X[[i]], ...)
     7. ├─base::paste(sample(letters, sample(5:10)), collapse = ",") test-file-parser.R:19:25
     8. └─base::sample(letters, sample(5:10))
     9. └─base::sample.int(length(x), size, replace, prob)
     ── Error (test-file-parser.R:87:3): Binary and json conversion ─────────────────
     Error in `sample.int(length(x), size, replace, prob)`: invalid 'size' argument
     Backtrace:
     █
     1. └─noctua:::output_test_data(size, test_file) test-file-parser.R:87:2
     2. └─noctua:::test_data(N) test-file-parser.R:24:2
     3. ├─data.table::data.table(...) test-file-parser.R:17:2
     4. └─base::sapply(...)
     5. └─base::lapply(X = X, FUN = FUN, ...)
     6. └─noctua:::FUN(X[[i]], ...)
     7. ├─base::paste(sample(letters, sample(5:10)), collapse = ",") test-file-parser.R:19:25
     8. └─base::sample(letters, sample(5:10))
     9. └─base::sample.int(length(x), size, replace, prob)
     ── Error (test-file-parser.R:120:3): Check in conversion is turned off ─────────
     Error in `sample.int(length(x), size, replace, prob)`: invalid 'size' argument
     Backtrace:
     █
     1. └─noctua:::output_test_data(size, test_file) test-file-parser.R:120:2
     2. └─noctua:::test_data(N) test-file-parser.R:24:2
     3. ├─data.table::data.table(...) test-file-parser.R:17:2
     4. └─base::sapply(...)
     5. └─base::lapply(X = X, FUN = FUN, ...)
     6. └─noctua:::FUN(X[[i]], ...)
     7. ├─base::paste(sample(letters, sample(5:10)), collapse = ",") test-file-parser.R:19:25
     8. └─base::sample(letters, sample(5:10))
     9. └─base::sample.int(length(x), size, replace, prob)
     ── Error (test-file-parser.R:148:3): Custom json parser ────────────────────────
     Error in `sample.int(length(x), size, replace, prob)`: invalid 'size' argument
     Backtrace:
     █
     1. └─noctua:::output_test_data(size, test_file) test-file-parser.R:148:2
     2. └─noctua:::test_data(N) test-file-parser.R:24:2
     3. ├─data.table::data.table(...) test-file-parser.R:17:2
     4. └─base::sapply(...)
     5. └─base::lapply(X = X, FUN = FUN, ...)
     6. └─noctua:::FUN(X[[i]], ...)
     7. ├─base::paste(sample(letters, sample(5:10)), collapse = ",") test-file-parser.R:19:25
     8. └─base::sample(letters, sample(5:10))
     9. └─base::sample.int(length(x), size, replace, prob)
     ── Error (test-file-parser.R:173:3): Custom json parser ────────────────────────
     Error in `sample.int(length(x), size, replace, prob)`: invalid 'size' argument
     Backtrace:
     █
     1. └─noctua:::output_test_data(size, test_file) test-file-parser.R:173:2
     2. └─noctua:::test_data(N) test-file-parser.R:24:2
     3. ├─data.table::data.table(...) test-file-parser.R:17:2
     4. └─base::sapply(...)
     5. └─base::lapply(X = X, FUN = FUN, ...)
     6. └─noctua:::FUN(X[[i]], ...)
     7. ├─base::paste(sample(letters, sample(5:10)), collapse = ",") test-file-parser.R:19:25
     8. └─base::sample(letters, sample(5:10))
     9. └─base::sample.int(length(x), size, replace, prob)
    
     [ FAIL 5 | WARN 0 | SKIP 53 | PASS 38 ]
     Error: Test failures
     Execution halted
Flavor: r-devel-linux-x86_64-debian-gcc

Version: 2.5.0
Check: tests
Result: ERROR
     Running ‘testthat.R’
    Running the tests in ‘tests/testthat.R’ failed.
    Complete output:
     > library(testthat)
     > library(noctua)
     >
     > test_check("noctua")
     [ FAIL 5 | WARN 0 | SKIP 53 | PASS 38 ]
    
     ══ Skipped tests ═══════════════════════════════════════════════════════════════
     • Environment variables are not set for testing (53)
    
     ══ Failed tests ════════════════════════════════════════════════════════════════
     ── Error (test-file-parser.R:62:3): Check if json has been correctly parser under chunk method ──
     Error in `sample.int(length(x), size, replace, prob)`: invalid 'size' argument
     Backtrace:
     █
     1. └─noctua:::output_test_data(size, test_file) test-file-parser.R:62:2
     2. └─noctua:::test_data(N) test-file-parser.R:24:2
     3. ├─data.table::data.table(...) test-file-parser.R:17:2
     4. └─base::sapply(...)
     5. └─base::lapply(X = X, FUN = FUN, ...)
     6. └─noctua:::FUN(X[[i]], ...)
     7. ├─base::paste(sample(letters, sample(5:10)), collapse = ",") test-file-parser.R:19:25
     8. └─base::sample(letters, sample(5:10))
     9. └─base::sample.int(length(x), size, replace, prob)
     ── Error (test-file-parser.R:87:3): Binary and json conversion ─────────────────
     Error in `sample.int(length(x), size, replace, prob)`: invalid 'size' argument
     Backtrace:
     █
     1. └─noctua:::output_test_data(size, test_file) test-file-parser.R:87:2
     2. └─noctua:::test_data(N) test-file-parser.R:24:2
     3. ├─data.table::data.table(...) test-file-parser.R:17:2
     4. └─base::sapply(...)
     5. └─base::lapply(X = X, FUN = FUN, ...)
     6. └─noctua:::FUN(X[[i]], ...)
     7. ├─base::paste(sample(letters, sample(5:10)), collapse = ",") test-file-parser.R:19:25
     8. └─base::sample(letters, sample(5:10))
     9. └─base::sample.int(length(x), size, replace, prob)
     ── Error (test-file-parser.R:120:3): Check in conversion is turned off ─────────
     Error in `sample.int(length(x), size, replace, prob)`: invalid 'size' argument
     Backtrace:
     █
     1. └─noctua:::output_test_data(size, test_file) test-file-parser.R:120:2
     2. └─noctua:::test_data(N) test-file-parser.R:24:2
     3. ├─data.table::data.table(...) test-file-parser.R:17:2
     4. └─base::sapply(...)
     5. └─base::lapply(X = X, FUN = FUN, ...)
     6. └─noctua:::FUN(X[[i]], ...)
     7. ├─base::paste(sample(letters, sample(5:10)), collapse = ",") test-file-parser.R:19:25
     8. └─base::sample(letters, sample(5:10))
     9. └─base::sample.int(length(x), size, replace, prob)
     ── Error (test-file-parser.R:148:3): Custom json parser ────────────────────────
     Error in `sample.int(length(x), size, replace, prob)`: invalid 'size' argument
     Backtrace:
     █
     1. └─noctua:::output_test_data(size, test_file) test-file-parser.R:148:2
     2. └─noctua:::test_data(N) test-file-parser.R:24:2
     3. ├─data.table::data.table(...) test-file-parser.R:17:2
     4. └─base::sapply(...)
     5. └─base::lapply(X = X, FUN = FUN, ...)
     6. └─noctua:::FUN(X[[i]], ...)
     7. ├─base::paste(sample(letters, sample(5:10)), collapse = ",") test-file-parser.R:19:25
     8. └─base::sample(letters, sample(5:10))
     9. └─base::sample.int(length(x), size, replace, prob)
     ── Error (test-file-parser.R:173:3): Custom json parser ────────────────────────
     Error in `sample.int(length(x), size, replace, prob)`: invalid 'size' argument
     Backtrace:
     █
     1. └─noctua:::output_test_data(size, test_file) test-file-parser.R:173:2
     2. └─noctua:::test_data(N) test-file-parser.R:24:2
     3. ├─data.table::data.table(...) test-file-parser.R:17:2
     4. └─base::sapply(...)
     5. └─base::lapply(X = X, FUN = FUN, ...)
     6. └─noctua:::FUN(X[[i]], ...)
     7. ├─base::paste(sample(letters, sample(5:10)), collapse = ",") test-file-parser.R:19:25
     8. └─base::sample(letters, sample(5:10))
     9. └─base::sample.int(length(x), size, replace, prob)
    
     [ FAIL 5 | WARN 0 | SKIP 53 | PASS 38 ]
     Error: Test failures
     Execution halted
Flavors: r-devel-linux-x86_64-fedora-clang, r-devel-linux-x86_64-fedora-gcc, r-devel-windows-x86_64-new-TK

Version: 2.5.0
Check: tests
Result: ERROR
     Running 'testthat.R' [4s]
    Running the tests in 'tests/testthat.R' failed.
    Complete output:
     > library(testthat)
     > library(noctua)
     >
     > test_check("noctua")
     [ FAIL 5 | WARN 0 | SKIP 53 | PASS 38 ]
    
     ══ Skipped tests ═══════════════════════════════════════════════════════════════
     • Environment variables are not set for testing (53)
    
     ══ Failed tests ════════════════════════════════════════════════════════════════
     ── Error (test-file-parser.R:62:3): Check if json has been correctly parser under chunk method ──
     Error in `sample.int(length(x), size, replace, prob)`: invalid 'size' argument
     Backtrace:
     █
     1. └─noctua:::output_test_data(size, test_file) test-file-parser.R:62:2
     2. └─noctua:::test_data(N) test-file-parser.R:24:2
     3. ├─data.table::data.table(...) test-file-parser.R:17:2
     4. └─base::sapply(...)
     5. └─base::lapply(X = X, FUN = FUN, ...)
     6. └─noctua:::FUN(X[[i]], ...)
     7. ├─base::paste(sample(letters, sample(5:10)), collapse = ",") test-file-parser.R:19:25
     8. └─base::sample(letters, sample(5:10))
     9. └─base::sample.int(length(x), size, replace, prob)
     ── Error (test-file-parser.R:87:3): Binary and json conversion ─────────────────
     Error in `sample.int(length(x), size, replace, prob)`: invalid 'size' argument
     Backtrace:
     █
     1. └─noctua:::output_test_data(size, test_file) test-file-parser.R:87:2
     2. └─noctua:::test_data(N) test-file-parser.R:24:2
     3. ├─data.table::data.table(...) test-file-parser.R:17:2
     4. └─base::sapply(...)
     5. └─base::lapply(X = X, FUN = FUN, ...)
     6. └─noctua:::FUN(X[[i]], ...)
     7. ├─base::paste(sample(letters, sample(5:10)), collapse = ",") test-file-parser.R:19:25
     8. └─base::sample(letters, sample(5:10))
     9. └─base::sample.int(length(x), size, replace, prob)
     ── Error (test-file-parser.R:120:3): Check in conversion is turned off ─────────
     Error in `sample.int(length(x), size, replace, prob)`: invalid 'size' argument
     Backtrace:
     █
     1. └─noctua:::output_test_data(size, test_file) test-file-parser.R:120:2
     2. └─noctua:::test_data(N) test-file-parser.R:24:2
     3. ├─data.table::data.table(...) test-file-parser.R:17:2
     4. └─base::sapply(...)
     5. └─base::lapply(X = X, FUN = FUN, ...)
     6. └─noctua:::FUN(X[[i]], ...)
     7. ├─base::paste(sample(letters, sample(5:10)), collapse = ",") test-file-parser.R:19:25
     8. └─base::sample(letters, sample(5:10))
     9. └─base::sample.int(length(x), size, replace, prob)
     ── Error (test-file-parser.R:148:3): Custom json parser ────────────────────────
     Error in `sample.int(length(x), size, replace, prob)`: invalid 'size' argument
     Backtrace:
     █
     1. └─noctua:::output_test_data(size, test_file) test-file-parser.R:148:2
     2. └─noctua:::test_data(N) test-file-parser.R:24:2
     3. ├─data.table::data.table(...) test-file-parser.R:17:2
     4. └─base::sapply(...)
     5. └─base::lapply(X = X, FUN = FUN, ...)
     6. └─noctua:::FUN(X[[i]], ...)
     7. ├─base::paste(sample(letters, sample(5:10)), collapse = ",") test-file-parser.R:19:25
     8. └─base::sample(letters, sample(5:10))
     9. └─base::sample.int(length(x), size, replace, prob)
     ── Error (test-file-parser.R:173:3): Custom json parser ────────────────────────
     Error in `sample.int(length(x), size, replace, prob)`: invalid 'size' argument
     Backtrace:
     █
     1. └─noctua:::output_test_data(size, test_file) test-file-parser.R:173:2
     2. └─noctua:::test_data(N) test-file-parser.R:24:2
     3. ├─data.table::data.table(...) test-file-parser.R:17:2
     4. └─base::sapply(...)
     5. └─base::lapply(X = X, FUN = FUN, ...)
     6. └─noctua:::FUN(X[[i]], ...)
     7. ├─base::paste(sample(letters, sample(5:10)), collapse = ",") test-file-parser.R:19:25
     8. └─base::sample(letters, sample(5:10))
     9. └─base::sample.int(length(x), size, replace, prob)
    
     [ FAIL 5 | WARN 0 | SKIP 53 | PASS 38 ]
     Error: Test failures
     Execution halted
Flavor: r-devel-windows-x86_64-new-UL