CRAN Package Check Results for Package nlstac

Last updated on 2022-08-12 07:53:21 CEST.

Flavor Version Tinstall Tcheck Ttotal Status Flags
r-devel-linux-x86_64-debian-clang 0.1.0 3.05 32.44 35.49 NOTE
r-devel-linux-x86_64-debian-gcc 0.1.0 2.18 25.40 27.58 NOTE
r-devel-linux-x86_64-fedora-clang 0.1.0 53.37 NOTE
r-devel-linux-x86_64-fedora-gcc 0.1.0 52.40 NOTE
r-devel-windows-x86_64 0.1.0 11.00 57.00 68.00 NOTE
r-patched-linux-x86_64 0.1.0 1.82 30.84 32.66 NOTE
r-release-linux-x86_64 0.1.0 1.80 31.28 33.08 NOTE
r-release-macos-arm64 0.1.0 20.00 NOTE
r-release-macos-x86_64 0.1.0 26.00 NOTE
r-release-windows-x86_64 0.1.0 9.00 58.00 67.00 NOTE
r-oldrel-macos-arm64 0.1.0 26.00 NOTE
r-oldrel-macos-x86_64 0.1.0 30.00 NOTE
r-oldrel-windows-ix86+x86_64 0.1.0 6.00 55.00 61.00 NOTE

Check Details

Version: 0.1.0
Check: LazyData
Result: NOTE
     'LazyData' is specified without a 'data' directory
Flavors: r-devel-linux-x86_64-debian-clang, r-devel-linux-x86_64-debian-gcc, r-devel-linux-x86_64-fedora-clang, r-devel-linux-x86_64-fedora-gcc, r-devel-windows-x86_64, r-patched-linux-x86_64, r-release-linux-x86_64, r-release-macos-arm64, r-release-macos-x86_64, r-release-windows-x86_64, r-oldrel-macos-arm64, r-oldrel-macos-x86_64, r-oldrel-windows-ix86+x86_64