CRAN Package Check Results for Package nloptr

Last updated on 2022-07-07 07:51:28 CEST.

Flavor Version Tinstall Tcheck Ttotal Status Flags
r-devel-linux-x86_64-debian-clang 2.0.3 25.60 44.89 70.49 OK
r-devel-linux-x86_64-debian-gcc 2.0.3 27.69 34.94 62.63 OK
r-devel-linux-x86_64-fedora-clang 2.0.3 108.60 OK
r-devel-linux-x86_64-fedora-gcc 2.0.3 111.28 OK
r-devel-windows-x86_64 2.0.3 59.00 108.00 167.00 OK
r-patched-linux-x86_64 2.0.3 24.36 43.04 67.40 OK
r-release-linux-x86_64 2.0.3 22.76 43.64 66.40 OK
r-release-macos-arm64 2.0.3 53.00 NOTE
r-release-macos-x86_64 2.0.3 51.00 NOTE
r-release-windows-x86_64 2.0.3 34.00 108.00 142.00 OK
r-oldrel-macos-arm64 2.0.3 53.00 NOTE
r-oldrel-macos-x86_64 2.0.3 53.00 NOTE
r-oldrel-windows-ix86+x86_64 2.0.3 66.00 111.00 177.00 OK

Check Details

Version: 2.0.3
Check: installed package size
Result: NOTE
     installed size is 6.1Mb
     sub-directories of 1Mb or more:
     libs 5.7Mb
Flavors: r-release-macos-arm64, r-release-macos-x86_64, r-oldrel-macos-arm64, r-oldrel-macos-x86_64