Last updated on 2022-07-03 07:51:59 CEST.
Flavor | Version | Tinstall | Tcheck | Ttotal | Status | Flags |
---|---|---|---|---|---|---|
r-devel-linux-x86_64-debian-clang | 1.4 | 9.00 | 99.01 | 108.01 | OK | |
r-devel-linux-x86_64-debian-gcc | 1.4 | 8.93 | 75.21 | 84.14 | OK | |
r-devel-linux-x86_64-fedora-clang | 1.4 | 140.75 | WARN | |||
r-devel-linux-x86_64-fedora-gcc | 1.4 | 141.89 | WARN | |||
r-devel-windows-x86_64 | 1.4 | 15.00 | 118.00 | 133.00 | OK | |
r-patched-linux-x86_64 | 1.4 | 10.82 | 95.04 | 105.86 | OK | |
r-release-linux-x86_64 | 1.4 | 9.50 | 95.23 | 104.73 | OK | |
r-release-macos-arm64 | 1.4 | 45.00 | OK | |||
r-release-macos-x86_64 | 1.4 | 70.00 | OK | |||
r-release-windows-x86_64 | 1.4 | 17.00 | 119.00 | 136.00 | OK | |
r-oldrel-macos-arm64 | 1.4 | 47.00 | OK | |||
r-oldrel-macos-x86_64 | 1.4 | 68.00 | OK | |||
r-oldrel-windows-ix86+x86_64 | 1.4 | 23.00 | 118.00 | 141.00 | OK |
Version: 1.4
Check: package dependencies
Result: WARN
Requires (indirectly) orphaned package: ‘gtools’
Flavors: r-devel-linux-x86_64-fedora-clang, r-devel-linux-x86_64-fedora-gcc